{"id":10936,"date":"2019-08-26T21:52:13","date_gmt":"2019-08-26T19:52:13","guid":{"rendered":"https:\/\/www.dakarmania.cz\/?page_id=10936"},"modified":"2023-07-15T13:56:42","modified_gmt":"2023-07-15T11:56:42","slug":"jiri-stross","status":"publish","type":"page","link":"https:\/\/www.dakarmania.cz\/index.php\/osobnosti\/jiri-stross\/","title":{"rendered":"Ji\u0159\u00ed Stross"},"content":{"rendered":"<p>[vc_row][vc_column][vc_btn title=&#8221;Osobnosti&#8221; style=&#8221;outline&#8221; shape=&#8221;square&#8221; size=&#8221;xs&#8221; align=&#8221;right&#8221; i_align=&#8221;right&#8221; i_icon_fontawesome=&#8221;fa fa-chevron-up&#8221; css_animation=&#8221;fadeIn&#8221; add_icon=&#8221;true&#8221; css=&#8221;.vc_custom_1565871840851{padding-right: 1px !important;padding-left: 1px !important;}&#8221; link=&#8221;url:%2Findex.php%2Fosobnosti%2F|||&#8221;][vc_column_text css_animation=&#8221;fadeIn&#8221; css=&#8221;.vc_custom_1576275442281{padding-top: 200px !important;padding-right: 15px !important;padding-bottom: 15px !important;padding-left: 15px !important;background: #f2f2f2 url(https:\/\/www.dakarmania.cz\/wp-content\/uploads\/2019\/12\/profile-stross-02.jpg?id=13656) !important;background-position: center !important;background-repeat: no-repeat !important;background-size: cover !important;}&#8221;]<\/p>\n<h1 style=\"text-align: left;\"><span style=\"background-color: #ee8027; opacity: 0.7;\"><span style=\"color: #ffffff; padding: 10px;\">JI\u0158\u00cd STROSS<\/span><\/span><\/h1>\n<p>[\/vc_column_text][vc_column_text css_animation=&#8221;fadeIn&#8221; css=&#8221;.vc_custom_1609380899851{padding-top: 10px !important;padding-right: 10px !important;padding-bottom: 10px !important;padding-left: 10px !important;}&#8221;]<img decoding=\"async\" style=\"border: 1px solid gray;\" src=\"\/wp-content\/uploads\/2019\/02\/flag-cz-18x12.png\" \/> <strong>\u010cesk\u00e1 republika<\/strong> | * 10. ledna 1981, Roudnice nad Labem<\/p>\n<p>7. m\u00edsto na Rally Dakar (2017)[\/vc_column_text][vc_tta_tour shape=&#8221;square&#8221; alignment=&#8221;center&#8221; active_section=&#8221;1&#8243; css_animation=&#8221;fadeIn&#8221;][vc_tta_section title=&#8221;Dakar&#8221; tab_id=&#8221;dakarb18c-09a3&#8243;][vc_column_text css_animation=&#8221;fadeIn&#8221;]<\/p>\n<table style=\"width: 97.7654%;\" rules=\"rows\" cellpadding=\"4px\">\n<tbody>\n<tr style=\"background-color: #9e9d9d; color: white;\">\n<td class=\"nomobile\" style=\"text-align: center;\"><span style=\"font-size: 8pt;\"><strong>\u00fa\u010dast<\/strong><\/span><\/td>\n<td style=\"text-align: center;\"><span style=\"font-size: 8pt;\"><strong>ro\u010dn\u00edk<\/strong><\/span><\/td>\n<td class=\"nomobile\" style=\"text-align: center;\"><span style=\"font-size: 8pt;\"><strong>datum<\/strong><\/span><\/td>\n<td><span style=\"font-size: 8pt;\"><strong>jezdec,<br \/>\nnavig\u00e1tor<\/strong><\/span><\/td>\n<td><span style=\"font-size: 8pt;\"><strong>v\u016fz, t\u00fdm<\/strong><\/span><\/td>\n<td style=\"text-align: center;\"><span style=\"font-size: 8pt;\"><strong>v\u00fdsledek<\/strong><\/span><\/td>\n<td class=\"nomobile\" style=\"text-align: center;\"><span style=\"font-size: 8pt;\"><strong>kategorie<\/strong><\/span><\/td>\n<\/tr>\n<tr style=\"background-color: #f2f2f2;\">\n<td class=\"nomobile\" style=\"text-align: center;\">1.<\/td>\n<td style=\"text-align: center;\">2016<\/td>\n<td class=\"nomobile\" style=\"text-align: center;\">02-16\/01<\/td>\n<td><a href=\"\/index.php\/osobnosti\/jaroslav-valtr\/\"><span style=\"color: #ee8027;\">Jaroslav Valtr<\/span><\/a><br \/>\nJosef Kalina<\/td>\n<td>Tatra Phoenix<br \/>\nTatra Buggyra Racing<\/td>\n<td style=\"text-align: center;\">8.<\/td>\n<td class=\"nomobile\" style=\"text-align: center;\">kamiony<\/td>\n<\/tr>\n<tr style=\"background-color: #dbd9d9;\">\n<td class=\"nomobile\" style=\"text-align: center;\">2.<\/td>\n<td style=\"text-align: center;\">2017<\/td>\n<td class=\"nomobile\" style=\"text-align: center;\">02-14\/01<\/td>\n<td><a href=\"\/index.php\/osobnosti\/ales-loprais\/\"><span style=\"color: #ee8027;\">Ale\u0161 Loprais<\/span><\/a><br \/>\n<a href=\"\/index.php\/osobnosti\/jan-tomanek\/\"><span style=\"color: #ee8027;\">Jan Tom\u00e1nek<\/span><\/a><\/td>\n<td>Tatra Phoenix G2<br \/>\nTatra Buggyra Racing<\/td>\n<td style=\"text-align: center;\">7.<\/td>\n<td class=\"nomobile\" style=\"text-align: center;\">kamiony<\/td>\n<\/tr>\n<tr style=\"background-color: #f2f2f2;\">\n<td class=\"nomobile\" style=\"text-align: center;\">3.<\/td>\n<td style=\"text-align: center;\">2018<\/td>\n<td class=\"nomobile\" style=\"text-align: center;\">06-20\/01<\/td>\n<td><a href=\"\/index.php\/osobnosti\/martin-kolomy\/\"><span style=\"color: #ee8027;\">Martin Kolom\u00fd<\/span><\/a><br \/>\n<a href=\"\/index.php\/osobnosti\/rostislav-plny\/\"><span style=\"color: #ee8027;\">Rostislav Pln\u00fd<\/span><\/a><\/td>\n<td>Tatra Phoenix<br \/>\nTatra Buggyra Racing<\/td>\n<td style=\"text-align: center;\">11.<\/td>\n<td class=\"nomobile\" style=\"text-align: center;\">kamiony<\/td>\n<\/tr>\n<tr style=\"background-color: #dbd9d9;\">\n<td class=\"nomobile\" style=\"text-align: center;\">4.<\/td>\n<td style=\"text-align: center;\"><a href=\"\/index.php\/souteze\/dakar-2019\/\"><span style=\"color: #ee8027;\">2019<\/span><\/a><\/td>\n<td class=\"nomobile\" style=\"text-align: center;\">06-17\/01<\/td>\n<td><a href=\"\/index.php\/osobnosti\/martin-kolomy\/\"><span style=\"color: #ee8027;\">Martin Kolom\u00fd<\/span><\/a><br \/>\n<a href=\"\/index.php\/osobnosti\/rostislav-plny\/\"><span style=\"color: #ee8027;\">Rostislav Pln\u00fd<\/span><\/a><\/td>\n<td>Tatra Phoenix<br \/>\nTatra Buggyra Racing<\/td>\n<td style=\"text-align: center;\">DNF<\/td>\n<td class=\"nomobile\" style=\"text-align: center;\">kamiony<\/td>\n<\/tr>\n<tr style=\"background-color: #f2f2f2;\">\n<td class=\"nomobile\" style=\"text-align: center;\">5.<\/td>\n<td style=\"text-align: center;\"><a href=\"\/index.php\/souteze\/dakar-2021\/\"><span style=\"color: #ee8027;\">2021<\/span><\/a><br \/>\n<img decoding=\"async\" src=\"\/wp-content\/uploads\/2019\/03\/flag-sa-18x12.png\" \/><\/td>\n<td class=\"nomobile\" style=\"text-align: center;\">02-15\/01<\/td>\n<td><a href=\"\/index.php\/osobnosti\/jan-tomanek\/\"><span style=\"color: #ee8027;\">Jan Tom\u00e1nek<\/span><\/a><br \/>\nTom\u00e1\u0161 Ka\u0161p\u00e1rek<\/td>\n<td>Tatra Jamal &#8211; Queen 69<br \/>\nInstaforex Loprais Praga Team<\/td>\n<td style=\"text-align: center;\"><\/td>\n<td class=\"nomobile\" style=\"text-align: center;\">kamiony<\/td>\n<\/tr>\n<\/tbody>\n<\/table>\n<p>[\/vc_column_text][vc_column_text css_animation=&#8221;fadeIn&#8221;]<strong>2020:<\/strong> m\u011bl jet jako navig\u00e1tor M. Kolom\u00e9ho s Fordem t\u00fdmu MP-Sports; ze startu se\u0161lo kv\u016fli hav\u00e1rii na shakedownu[\/vc_column_text][\/vc_tta_section][\/vc_tta_tour][\/vc_column][\/vc_row][vc_row][vc_column][vc_masonry_grid post_type=&#8221;post&#8221; max_items=&#8221;100&#8243; style=&#8221;lazy&#8221; items_per_page=&#8221;3&#8243; show_filter=&#8221;yes&#8221; gap=&#8221;5&#8243; filter_style=&#8221;filled&#8221; item=&#8221;3404&#8243; grid_id=&#8221;vc_gid:1689412947316-9d3e174c-4cc0-2&#8243; taxonomies=&#8221;135&#8243; filter_source=&#8221;category&#8221;][\/vc_column][\/vc_row]<\/p>\n","protected":false},"excerpt":{"rendered":"<p>Ji\u0159\u00ed Stross je \u010desk\u00fd automobilov\u00fd z\u00e1vodn\u00edk, n\u011bkolikan\u00e1sobn\u00fd \u00fa\u010dastn\u00edk Rally Dakar a dal\u0161\u00edch mezin\u00e1rodn\u00edch cross-country rally.<\/p>\n","protected":false},"author":1,"featured_media":13656,"parent":3629,"menu_order":2322,"comment_status":"closed","ping_status":"closed","template":"page-templates\/builder.php","meta":{"footnotes":""},"class_list":["post-10936","page","type-page","status-publish","has-post-thumbnail","hentry"],"yoast_head":"<!-- This site is optimized with the Yoast SEO plugin v24.9 - https:\/\/yoast.com\/wordpress\/plugins\/seo\/ -->\n<title>Ji\u0159\u00ed Stross - DAKARMANIA.cz<\/title>\n<meta name=\"description\" content=\"Ji\u0159\u00ed Stross je \u010desk\u00fd automobilov\u00fd z\u00e1vodn\u00edk, n\u011bkolikan\u00e1sobn\u00fd \u00fa\u010dastn\u00edk Rally Dakar a dal\u0161\u00edch mezin\u00e1rodn\u00edch cross-country rally.\" \/>\n<meta name=\"robots\" content=\"index, follow, max-snippet:-1, max-image-preview:large, max-video-preview:-1\" \/>\n<link rel=\"canonical\" href=\"https:\/\/www.dakarmania.cz\/index.php\/osobnosti\/jiri-stross\/\" \/>\n<meta property=\"og:locale\" content=\"cs_CZ\" \/>\n<meta property=\"og:type\" content=\"article\" \/>\n<meta property=\"og:title\" content=\"Ji\u0159\u00ed Stross - DAKARMANIA.cz\" \/>\n<meta property=\"og:description\" content=\"Ji\u0159\u00ed Stross je \u010desk\u00fd automobilov\u00fd z\u00e1vodn\u00edk, n\u011bkolikan\u00e1sobn\u00fd \u00fa\u010dastn\u00edk Rally Dakar a dal\u0161\u00edch mezin\u00e1rodn\u00edch cross-country rally.\" \/>\n<meta property=\"og:url\" content=\"https:\/\/www.dakarmania.cz\/index.php\/osobnosti\/jiri-stross\/\" \/>\n<meta property=\"og:site_name\" content=\"DAKARMANIA.cz\" \/>\n<meta property=\"article:publisher\" content=\"https:\/\/www.facebook.com\/dakarmania\/\" \/>\n<meta property=\"article:modified_time\" content=\"2023-07-15T11:56:42+00:00\" \/>\n<meta property=\"og:image\" content=\"https:\/\/www.dakarmania.cz\/wp-content\/uploads\/2019\/12\/profile-stross-02.jpg\" \/>\n\t<meta property=\"og:image:width\" content=\"1600\" \/>\n\t<meta property=\"og:image:height\" content=\"711\" \/>\n\t<meta property=\"og:image:type\" content=\"image\/jpeg\" \/>\n<meta name=\"twitter:card\" content=\"summary_large_image\" \/>\n<meta name=\"twitter:label1\" content=\"Odhadovan\u00e1 doba \u010dten\u00ed\" \/>\n\t<meta name=\"twitter:data1\" content=\"2 minuty\" \/>\n<script type=\"application\/ld+json\" class=\"yoast-schema-graph\">{\"@context\":\"https:\/\/schema.org\",\"@graph\":[{\"@type\":\"WebPage\",\"@id\":\"https:\/\/www.dakarmania.cz\/index.php\/osobnosti\/jiri-stross\/\",\"url\":\"https:\/\/www.dakarmania.cz\/index.php\/osobnosti\/jiri-stross\/\",\"name\":\"Ji\u0159\u00ed Stross - DAKARMANIA.cz\",\"isPartOf\":{\"@id\":\"https:\/\/www.dakarmania.cz\/#website\"},\"primaryImageOfPage\":{\"@id\":\"https:\/\/www.dakarmania.cz\/index.php\/osobnosti\/jiri-stross\/#primaryimage\"},\"image\":{\"@id\":\"https:\/\/www.dakarmania.cz\/index.php\/osobnosti\/jiri-stross\/#primaryimage\"},\"thumbnailUrl\":\"https:\/\/www.dakarmania.cz\/wp-content\/uploads\/2019\/12\/profile-stross-02.jpg\",\"datePublished\":\"2019-08-26T19:52:13+00:00\",\"dateModified\":\"2023-07-15T11:56:42+00:00\",\"description\":\"Ji\u0159\u00ed Stross je \u010desk\u00fd automobilov\u00fd z\u00e1vodn\u00edk, n\u011bkolikan\u00e1sobn\u00fd \u00fa\u010dastn\u00edk Rally Dakar a dal\u0161\u00edch mezin\u00e1rodn\u00edch cross-country rally.\",\"breadcrumb\":{\"@id\":\"https:\/\/www.dakarmania.cz\/index.php\/osobnosti\/jiri-stross\/#breadcrumb\"},\"inLanguage\":\"cs\",\"potentialAction\":[{\"@type\":\"ReadAction\",\"target\":[\"https:\/\/www.dakarmania.cz\/index.php\/osobnosti\/jiri-stross\/\"]}]},{\"@type\":\"ImageObject\",\"inLanguage\":\"cs\",\"@id\":\"https:\/\/www.dakarmania.cz\/index.php\/osobnosti\/jiri-stross\/#primaryimage\",\"url\":\"https:\/\/www.dakarmania.cz\/wp-content\/uploads\/2019\/12\/profile-stross-02.jpg\",\"contentUrl\":\"https:\/\/www.dakarmania.cz\/wp-content\/uploads\/2019\/12\/profile-stross-02.jpg\",\"width\":1600,\"height\":711,\"caption\":\"Ji\u0159\u00ed Stross, MP-Sports. Testov\u00e1n\u00ed v Abu Dhabi, prosinec 2019. \u00a9 MP-Sports\"},{\"@type\":\"BreadcrumbList\",\"@id\":\"https:\/\/www.dakarmania.cz\/index.php\/osobnosti\/jiri-stross\/#breadcrumb\",\"itemListElement\":[{\"@type\":\"ListItem\",\"position\":1,\"name\":\"Dom\u016f\",\"item\":\"https:\/\/www.dakarmania.cz\/\"},{\"@type\":\"ListItem\",\"position\":2,\"name\":\"Osobnosti\",\"item\":\"https:\/\/www.dakarmania.cz\/index.php\/osobnosti\/\"},{\"@type\":\"ListItem\",\"position\":3,\"name\":\"Ji\u0159\u00ed Stross\"}]},{\"@type\":\"WebSite\",\"@id\":\"https:\/\/www.dakarmania.cz\/#website\",\"url\":\"https:\/\/www.dakarmania.cz\/\",\"name\":\"DAKARMANIA.cz\",\"description\":\"\u017dijeme Dakarem cel\u00fd rok\",\"publisher\":{\"@id\":\"https:\/\/www.dakarmania.cz\/#organization\"},\"potentialAction\":[{\"@type\":\"SearchAction\",\"target\":{\"@type\":\"EntryPoint\",\"urlTemplate\":\"https:\/\/www.dakarmania.cz\/?s={search_term_string}\"},\"query-input\":{\"@type\":\"PropertyValueSpecification\",\"valueRequired\":true,\"valueName\":\"search_term_string\"}}],\"inLanguage\":\"cs\"},{\"@type\":\"Organization\",\"@id\":\"https:\/\/www.dakarmania.cz\/#organization\",\"name\":\"DAKAR MANIA\",\"url\":\"https:\/\/www.dakarmania.cz\/\",\"logo\":{\"@type\":\"ImageObject\",\"inLanguage\":\"cs\",\"@id\":\"https:\/\/www.dakarmania.cz\/#\/schema\/logo\/image\/\",\"url\":\"https:\/\/www.dakarmania.cz\/wp-content\/uploads\/2018\/12\/Dakar-Mania-Logo-Square-Orange.png\",\"contentUrl\":\"https:\/\/www.dakarmania.cz\/wp-content\/uploads\/2018\/12\/Dakar-Mania-Logo-Square-Orange.png\",\"width\":992,\"height\":992,\"caption\":\"DAKAR MANIA\"},\"image\":{\"@id\":\"https:\/\/www.dakarmania.cz\/#\/schema\/logo\/image\/\"},\"sameAs\":[\"https:\/\/www.facebook.com\/dakarmania\/\"]}]}<\/script>\n<!-- \/ Yoast SEO plugin. -->","yoast_head_json":{"title":"Ji\u0159\u00ed Stross - DAKARMANIA.cz","description":"Ji\u0159\u00ed Stross je \u010desk\u00fd automobilov\u00fd z\u00e1vodn\u00edk, n\u011bkolikan\u00e1sobn\u00fd \u00fa\u010dastn\u00edk Rally Dakar a dal\u0161\u00edch mezin\u00e1rodn\u00edch cross-country rally.","robots":{"index":"index","follow":"follow","max-snippet":"max-snippet:-1","max-image-preview":"max-image-preview:large","max-video-preview":"max-video-preview:-1"},"canonical":"https:\/\/www.dakarmania.cz\/index.php\/osobnosti\/jiri-stross\/","og_locale":"cs_CZ","og_type":"article","og_title":"Ji\u0159\u00ed Stross - DAKARMANIA.cz","og_description":"Ji\u0159\u00ed Stross je \u010desk\u00fd automobilov\u00fd z\u00e1vodn\u00edk, n\u011bkolikan\u00e1sobn\u00fd \u00fa\u010dastn\u00edk Rally Dakar a dal\u0161\u00edch mezin\u00e1rodn\u00edch cross-country rally.","og_url":"https:\/\/www.dakarmania.cz\/index.php\/osobnosti\/jiri-stross\/","og_site_name":"DAKARMANIA.cz","article_publisher":"https:\/\/www.facebook.com\/dakarmania\/","article_modified_time":"2023-07-15T11:56:42+00:00","og_image":[{"width":1600,"height":711,"url":"https:\/\/www.dakarmania.cz\/wp-content\/uploads\/2019\/12\/profile-stross-02.jpg","type":"image\/jpeg"}],"twitter_card":"summary_large_image","twitter_misc":{"Odhadovan\u00e1 doba \u010dten\u00ed":"2 minuty"},"schema":{"@context":"https:\/\/schema.org","@graph":[{"@type":"WebPage","@id":"https:\/\/www.dakarmania.cz\/index.php\/osobnosti\/jiri-stross\/","url":"https:\/\/www.dakarmania.cz\/index.php\/osobnosti\/jiri-stross\/","name":"Ji\u0159\u00ed Stross - DAKARMANIA.cz","isPartOf":{"@id":"https:\/\/www.dakarmania.cz\/#website"},"primaryImageOfPage":{"@id":"https:\/\/www.dakarmania.cz\/index.php\/osobnosti\/jiri-stross\/#primaryimage"},"image":{"@id":"https:\/\/www.dakarmania.cz\/index.php\/osobnosti\/jiri-stross\/#primaryimage"},"thumbnailUrl":"https:\/\/www.dakarmania.cz\/wp-content\/uploads\/2019\/12\/profile-stross-02.jpg","datePublished":"2019-08-26T19:52:13+00:00","dateModified":"2023-07-15T11:56:42+00:00","description":"Ji\u0159\u00ed Stross je \u010desk\u00fd automobilov\u00fd z\u00e1vodn\u00edk, n\u011bkolikan\u00e1sobn\u00fd \u00fa\u010dastn\u00edk Rally Dakar a dal\u0161\u00edch mezin\u00e1rodn\u00edch cross-country rally.","breadcrumb":{"@id":"https:\/\/www.dakarmania.cz\/index.php\/osobnosti\/jiri-stross\/#breadcrumb"},"inLanguage":"cs","potentialAction":[{"@type":"ReadAction","target":["https:\/\/www.dakarmania.cz\/index.php\/osobnosti\/jiri-stross\/"]}]},{"@type":"ImageObject","inLanguage":"cs","@id":"https:\/\/www.dakarmania.cz\/index.php\/osobnosti\/jiri-stross\/#primaryimage","url":"https:\/\/www.dakarmania.cz\/wp-content\/uploads\/2019\/12\/profile-stross-02.jpg","contentUrl":"https:\/\/www.dakarmania.cz\/wp-content\/uploads\/2019\/12\/profile-stross-02.jpg","width":1600,"height":711,"caption":"Ji\u0159\u00ed Stross, MP-Sports. Testov\u00e1n\u00ed v Abu Dhabi, prosinec 2019. \u00a9 MP-Sports"},{"@type":"BreadcrumbList","@id":"https:\/\/www.dakarmania.cz\/index.php\/osobnosti\/jiri-stross\/#breadcrumb","itemListElement":[{"@type":"ListItem","position":1,"name":"Dom\u016f","item":"https:\/\/www.dakarmania.cz\/"},{"@type":"ListItem","position":2,"name":"Osobnosti","item":"https:\/\/www.dakarmania.cz\/index.php\/osobnosti\/"},{"@type":"ListItem","position":3,"name":"Ji\u0159\u00ed Stross"}]},{"@type":"WebSite","@id":"https:\/\/www.dakarmania.cz\/#website","url":"https:\/\/www.dakarmania.cz\/","name":"DAKARMANIA.cz","description":"\u017dijeme Dakarem cel\u00fd rok","publisher":{"@id":"https:\/\/www.dakarmania.cz\/#organization"},"potentialAction":[{"@type":"SearchAction","target":{"@type":"EntryPoint","urlTemplate":"https:\/\/www.dakarmania.cz\/?s={search_term_string}"},"query-input":{"@type":"PropertyValueSpecification","valueRequired":true,"valueName":"search_term_string"}}],"inLanguage":"cs"},{"@type":"Organization","@id":"https:\/\/www.dakarmania.cz\/#organization","name":"DAKAR MANIA","url":"https:\/\/www.dakarmania.cz\/","logo":{"@type":"ImageObject","inLanguage":"cs","@id":"https:\/\/www.dakarmania.cz\/#\/schema\/logo\/image\/","url":"https:\/\/www.dakarmania.cz\/wp-content\/uploads\/2018\/12\/Dakar-Mania-Logo-Square-Orange.png","contentUrl":"https:\/\/www.dakarmania.cz\/wp-content\/uploads\/2018\/12\/Dakar-Mania-Logo-Square-Orange.png","width":992,"height":992,"caption":"DAKAR MANIA"},"image":{"@id":"https:\/\/www.dakarmania.cz\/#\/schema\/logo\/image\/"},"sameAs":["https:\/\/www.facebook.com\/dakarmania\/"]}]}},"amp_enabled":false,"_links":{"self":[{"href":"https:\/\/www.dakarmania.cz\/index.php\/wp-json\/wp\/v2\/pages\/10936","targetHints":{"allow":["GET"]}}],"collection":[{"href":"https:\/\/www.dakarmania.cz\/index.php\/wp-json\/wp\/v2\/pages"}],"about":[{"href":"https:\/\/www.dakarmania.cz\/index.php\/wp-json\/wp\/v2\/types\/page"}],"author":[{"embeddable":true,"href":"https:\/\/www.dakarmania.cz\/index.php\/wp-json\/wp\/v2\/users\/1"}],"replies":[{"embeddable":true,"href":"https:\/\/www.dakarmania.cz\/index.php\/wp-json\/wp\/v2\/comments?post=10936"}],"version-history":[{"count":10,"href":"https:\/\/www.dakarmania.cz\/index.php\/wp-json\/wp\/v2\/pages\/10936\/revisions"}],"predecessor-version":[{"id":27777,"href":"https:\/\/www.dakarmania.cz\/index.php\/wp-json\/wp\/v2\/pages\/10936\/revisions\/27777"}],"up":[{"embeddable":true,"href":"https:\/\/www.dakarmania.cz\/index.php\/wp-json\/wp\/v2\/pages\/3629"}],"wp:featuredmedia":[{"embeddable":true,"href":"https:\/\/www.dakarmania.cz\/index.php\/wp-json\/wp\/v2\/media\/13656"}],"wp:attachment":[{"href":"https:\/\/www.dakarmania.cz\/index.php\/wp-json\/wp\/v2\/media?parent=10936"}],"curies":[{"name":"wp","href":"https:\/\/api.w.org\/{rel}","templated":true}]}}