{"id":12050,"date":"2019-10-04T14:48:24","date_gmt":"2019-10-04T12:48:24","guid":{"rendered":"https:\/\/www.dakarmania.cz\/?page_id=12050"},"modified":"2021-08-10T11:21:18","modified_gmt":"2021-08-10T09:21:18","slug":"bernhard-ten-brinke","status":"publish","type":"page","link":"https:\/\/www.dakarmania.cz\/index.php\/osobnosti\/bernhard-ten-brinke\/","title":{"rendered":"Bernhard ten Brinke"},"content":{"rendered":"<p>[vc_row][vc_column][vc_btn title=&#8221;Osobnosti&#8221; style=&#8221;outline&#8221; shape=&#8221;square&#8221; size=&#8221;xs&#8221; align=&#8221;right&#8221; i_align=&#8221;right&#8221; i_icon_fontawesome=&#8221;fa fa-chevron-up&#8221; css_animation=&#8221;fadeIn&#8221; add_icon=&#8221;true&#8221; css=&#8221;.vc_custom_1565871840851{padding-right: 1px !important;padding-left: 1px !important;}&#8221; link=&#8221;url:%2Findex.php%2Fosobnosti%2F|||&#8221;][vc_column_text css_animation=&#8221;fadeIn&#8221; css=&#8221;.vc_custom_1570194096964{padding-top: 200px !important;padding-right: 15px !important;padding-bottom: 15px !important;padding-left: 15px !important;background: #f2f2f2 url(https:\/\/www.dakarmania.cz\/wp-content\/uploads\/2019\/10\/profile-ten-brinke-01.jpg?id=12044) !important;background-position: center !important;background-repeat: no-repeat !important;background-size: cover !important;}&#8221;]<\/p>\n<h1 style=\"text-align: left;\"><span style=\"background-color: #ee8027; opacity: 0.7;\"><span style=\"color: #ffffff; padding: 10px;\">BERNHARD TEN BRINKE<\/span><\/span><\/h1>\n<p>[\/vc_column_text][vc_column_text css_animation=&#8221;fadeIn&#8221; css=&#8221;.vc_custom_1628587246321{padding-top: 10px !important;padding-right: 10px !important;padding-bottom: 10px !important;padding-left: 10px !important;}&#8221;]<img decoding=\"async\" style=\"border: 1px solid gray;\" src=\"\/wp-content\/uploads\/2019\/06\/flag-nl-18x12.png\" \/> <strong>Nizozemsko<\/strong> | * 6. z\u00e1\u0159\u00ed 1977, Zeddam<\/p>\n<p>7. m\u00edsto v kategorii automobil\u016f na Rally Dakar (2015, 2020) | <strong>V\u00edt\u011bz Rallye du Maroc <\/strong>(2011) |\u00a0<strong>V\u00edt\u011bz Baja Poland<\/strong> (2020)<\/p>\n<p>[\/vc_column_text][vc_tta_tour shape=&#8221;square&#8221; alignment=&#8221;center&#8221; active_section=&#8221;1&#8243; css_animation=&#8221;fadeIn&#8221;][vc_tta_section title=&#8221;2020&#8243; tab_id=&#8221;2020&#8243;][vc_column_text css_animation=&#8221;fadeIn&#8221;]<\/p>\n<table style=\"width: 97.7654%;\" rules=\"rows\" cellpadding=\"4px\">\n<tbody>\n<tr style=\"background-color: #9e9d9d; color: white;\">\n<td style=\"text-align: center;\"><span style=\"font-size: 8pt;\"><strong>sout\u011b\u017e<\/strong><\/span><\/td>\n<td class=\"nomobile\" style=\"text-align: center;\"><span style=\"font-size: 8pt;\"><strong>\u0161ampion\u00e1t,<br \/>\ndatum<\/strong><\/span><\/td>\n<td><span style=\"font-size: 8pt;\"><strong>navig\u00e1tor<\/strong><\/span><\/td>\n<td><span style=\"font-size: 8pt;\"><strong>v\u016fz, t\u00fdm<\/strong><\/span><\/td>\n<td style=\"text-align: center;\"><span style=\"font-size: 8pt;\"><strong>v\u00fdsledek<\/strong><\/span><\/td>\n<td class=\"nomobile\" style=\"text-align: center;\"><span style=\"font-size: 8pt;\"><strong>kategorie<\/strong><\/span><\/td>\n<\/tr>\n<tr style=\"background-color: #f2f2f2;\">\n<td style=\"text-align: center;\"><a href=\"\/index.php\/souteze\/dakar-2020\/\"><span style=\"color: #ee8027;\">Rally Dakar<\/span><\/a><br \/>\n<img decoding=\"async\" src=\"\/wp-content\/uploads\/2019\/03\/flag-sa-18x12.png\" \/><\/td>\n<td class=\"nomobile\" style=\"text-align: center;\">04-17\/01<\/td>\n<td><a href=\"\/index.php\/osobnosti\/tom-colsoul\/\"><span style=\"color: #ee8027;\">Tom Colsoul<\/span><\/a><\/td>\n<td>Toyota Hilux<br \/>\nToyota Gazoo Racing<\/td>\n<td style=\"text-align: center;\">7.<\/td>\n<td class=\"nomobile\" style=\"text-align: center;\">auto<\/td>\n<\/tr>\n<\/tbody>\n<\/table>\n<p>[\/vc_column_text][vc_column_text css_animation=&#8221;fadeIn&#8221;]<strong>Dakar:\u00a0<\/strong>sedm\u00fdm m\u00edstem zopakoval sv\u016fj dosud nejlep\u0161\u00ed dakarsk\u00fd v\u00fdsledek[\/vc_column_text][\/vc_tta_section][vc_tta_section title=&#8221;2019&#8243; tab_id=&#8221;20194e68-4c90&#8243;][vc_column_text css_animation=&#8221;fadeIn&#8221;]<\/p>\n<table style=\"width: 97.7654%;\" rules=\"rows\" cellpadding=\"4px\">\n<tbody>\n<tr style=\"background-color: #9e9d9d; color: white;\">\n<td style=\"text-align: center;\"><span style=\"font-size: 8pt;\"><strong>sout\u011b\u017e<\/strong><\/span><\/td>\n<td class=\"nomobile\" style=\"text-align: center;\"><span style=\"font-size: 8pt;\"><strong>\u0161ampion\u00e1t,<br \/>\ndatum<\/strong><\/span><\/td>\n<td><span style=\"font-size: 8pt;\"><strong>navig\u00e1tor<\/strong><\/span><\/td>\n<td><span style=\"font-size: 8pt;\"><strong>v\u016fz, t\u00fdm<\/strong><\/span><\/td>\n<td style=\"text-align: center;\"><span style=\"font-size: 8pt;\"><strong>v\u00fdsledek<\/strong><\/span><\/td>\n<td class=\"nomobile\" style=\"text-align: center;\"><span style=\"font-size: 8pt;\"><strong>kategorie<\/strong><\/span><\/td>\n<\/tr>\n<tr style=\"background-color: #f2f2f2;\">\n<td style=\"text-align: center;\"><a href=\"\/index.php\/souteze\/dakar-2019\/\"><span style=\"color: #ee8027;\">Rally Dakar<\/span><\/a><br \/>\n<img decoding=\"async\" src=\"\/wp-content\/uploads\/2019\/03\/flag-pe-18x12.png\" \/><\/td>\n<td class=\"nomobile\" style=\"text-align: center;\">06-17\/01<\/td>\n<td><a href=\"\/index.php\/osobnosti\/xavier-panseri\/\"><span style=\"color: #ee8027;\">Xavier Panseri<\/span><\/a><\/td>\n<td>Toyota Hilux<br \/>\nToyota Gazoo Racing SA<\/td>\n<td style=\"text-align: center;\">DNF<\/td>\n<td class=\"nomobile\" style=\"text-align: center;\">auto<\/td>\n<\/tr>\n<tr style=\"background-color: #dbd9d9;\">\n<td style=\"text-align: center;\"><a href=\"\/index.php\/sampionaty\/svetovy-pohar-fia-v-cross-country-rally-2019\/qatar-cross-country-rally-2019\/\"><span style=\"color: #ee8027;\">Qatar CCR<\/span><\/a><br \/>\n<img decoding=\"async\" src=\"\/wp-content\/uploads\/2019\/02\/flag-qa-18x12.png\" \/><\/td>\n<td class=\"nomobile\" style=\"text-align: center;\"><a href=\"\/index.php\/sampionaty\/svetovy-pohar-fia-v-cross-country-rally-2019\/\"><span style=\"color: #ee8027;\">SP FIA rally<\/span><\/a><br \/>\n21-26\/02<\/td>\n<td><a href=\"\/index.php\/osobnosti\/tom-colsoul\/\"><span style=\"color: #ee8027;\">Tom Colsoul<\/span><\/a><\/td>\n<td>Toyota Hilux<br \/>\nToyota Gazoo Racing SA<\/td>\n<td style=\"text-align: center;\">5.<\/td>\n<td class=\"nomobile\" style=\"text-align: center;\">SP FIA<\/td>\n<\/tr>\n<tr style=\"background-color: #f2f2f2;\">\n<td style=\"text-align: center;\"><a href=\"\/index.php\/sampionaty\/svetovy-pohar-fia-v-cross-country-rally-2019\/addc-2019\/\"><span style=\"color: #ee8027;\">Abu Dhabi<\/span><\/a><br \/>\n<img decoding=\"async\" src=\"\/wp-content\/uploads\/2019\/02\/flag-ae-18x12.png\" \/><\/td>\n<td class=\"nomobile\" style=\"text-align: center;\"><a href=\"\/index.php\/sampionaty\/svetovy-pohar-fia-v-cross-country-rally-2019\/\"><span style=\"color: #ee8027;\">SP FIA rally<\/span><\/a><br \/>\n31\/03-04\/04<\/td>\n<td><a href=\"\/index.php\/osobnosti\/tom-colsoul\/\"><span style=\"color: #ee8027;\">Tom Colsoul<\/span><\/a><\/td>\n<td>Toyota Hilux<br \/>\nToyota Gazoo Racing SA<\/td>\n<td style=\"text-align: center;\">DNF<\/td>\n<td class=\"nomobile\" style=\"text-align: center;\">SP FIA<\/td>\n<\/tr>\n<tr style=\"background-color: #dbd9d9;\">\n<td style=\"text-align: center;\"><a href=\"\/index.php\/souteze\/rally-kazakhstan-2019\/\"><span style=\"color: #ee8027;\">Rally Kazakhstan<\/span><\/a><br \/>\n<img decoding=\"async\" src=\"\/wp-content\/uploads\/2019\/02\/flag-kz-18x12.png\" \/><\/td>\n<td class=\"nomobile\" style=\"text-align: center;\"><a href=\"\/index.php\/sampionaty\/svetovy-pohar-fia-v-cross-country-rally-2019\/\"><span style=\"color: #ee8027;\">SP FIA rally<\/span><\/a><br \/>\n26\/05-01\/06<\/td>\n<td><a href=\"\/index.php\/osobnosti\/tom-colsoul\/\"><span style=\"color: #ee8027;\">Tom Colsoul<\/span><\/a><\/td>\n<td>Toyota Hilux<br \/>\nToyota Gazoo Racing SA<\/td>\n<td style=\"text-align: center;\">15.<\/td>\n<td class=\"nomobile\" style=\"text-align: center;\">SP FIA<\/td>\n<\/tr>\n<tr style=\"background-color: #f2f2f2;\">\n<td style=\"text-align: center;\"><a href=\"\/index.php\/souteze\/baja-aragon-2019\/\"><span style=\"color: #ee8027;\">Baja Arag\u00f3n<\/span><\/a><br \/>\n<img decoding=\"async\" src=\"\/wp-content\/uploads\/2019\/02\/flag-es-18x12.png\" \/><\/td>\n<td class=\"nomobile\" style=\"text-align: center;\"><a href=\"\/index.php\/sampionaty\/svetovy-pohar-fia-v-cross-country-bajach-2019\/\"><span style=\"color: #ee8027;\">SP FIA baja<\/span><\/a><br \/>\n25-27\/07<\/td>\n<td><a href=\"\/index.php\/osobnosti\/tom-colsoul\/\"><span style=\"color: #ee8027;\">Tom Colsoul<\/span><\/a><\/td>\n<td>Toyota Hilux<br \/>\nToyota Gazoo Racing SA<\/td>\n<td style=\"text-align: center;\">DNF<\/td>\n<td class=\"nomobile\" style=\"text-align: center;\">SP FIA<\/td>\n<\/tr>\n<tr style=\"background-color: #dbd9d9;\">\n<td style=\"text-align: center;\"><a href=\"\/index.php\/souteze\/maroc-2019\/\"><span style=\"color: #ee8027;\">Rallye du Maroc<\/span><\/a><br \/>\n<img decoding=\"async\" src=\"\/wp-content\/uploads\/2019\/02\/flag-ma-18x12.png\" \/><\/td>\n<td class=\"nomobile\" style=\"text-align: center;\"><a href=\"\/index.php\/sampionaty\/svetovy-pohar-fia-v-cross-country-rally-2019\/\"><span style=\"color: #ee8027;\">SP FIA rally<\/span><\/a><br \/>\n03-09\/10<\/td>\n<td><a href=\"\/index.php\/osobnosti\/tom-colsoul\/\"><span style=\"color: #ee8027;\">Tom Colsoul<\/span><\/a><\/td>\n<td>Toyota Hilux<br \/>\nToyota Gazoo Racing<\/td>\n<td style=\"text-align: center;\">25.<\/td>\n<td class=\"nomobile\" style=\"text-align: center;\">SP FIA<\/td>\n<\/tr>\n<\/tbody>\n<\/table>\n<p>[\/vc_column_text][\/vc_tta_section][\/vc_tta_tour][vc_raw_html]JTVCZm9vZ2FsbGVyeS1hbGJ1bSUyMGlkJTNEJTIyMTIwNDglMjIlNUQ=[\/vc_raw_html][\/vc_column][\/vc_row][vc_row][vc_column][vc_masonry_grid post_type=&#8221;post&#8221; max_items=&#8221;100&#8243; style=&#8221;lazy&#8221; items_per_page=&#8221;3&#8243; show_filter=&#8221;yes&#8221; gap=&#8221;5&#8243; filter_style=&#8221;filled&#8221; item=&#8221;3404&#8243; grid_id=&#8221;vc_gid:1628587184180-9105802a-d948-5&#8243; taxonomies=&#8221;289&#8243; filter_source=&#8221;category&#8221;][\/vc_column][\/vc_row]<\/p>\n","protected":false},"excerpt":{"rendered":"<p>Bernhard ten Brinke je nizozemsk\u00fd automobilov\u00fd z\u00e1vodn\u00edk, n\u011bkolikan\u00e1sobn\u00fd \u00fa\u010dastn\u00edk Rally Dakar a dal\u0161\u00edch mezin\u00e1rodn\u00edch cross-country rally.<\/p>\n","protected":false},"author":1,"featured_media":12044,"parent":3629,"menu_order":2501,"comment_status":"closed","ping_status":"closed","template":"page-templates\/builder.php","meta":{"footnotes":""},"class_list":["post-12050","page","type-page","status-publish","has-post-thumbnail","hentry"],"yoast_head":"<!-- This site is optimized with the Yoast SEO plugin v24.9 - https:\/\/yoast.com\/wordpress\/plugins\/seo\/ -->\n<title>Bernhard ten Brinke - DAKARMANIA.cz<\/title>\n<meta name=\"description\" content=\"Bernhard ten Brinke je nizozemsk\u00fd automobilov\u00fd z\u00e1vodn\u00edk, n\u011bkolikan\u00e1sobn\u00fd \u00fa\u010dastn\u00edk Rally Dakar a dal\u0161\u00edch mezin\u00e1rodn\u00edch cross-country rally.\" \/>\n<meta name=\"robots\" content=\"index, follow, max-snippet:-1, max-image-preview:large, max-video-preview:-1\" \/>\n<link rel=\"canonical\" href=\"https:\/\/www.dakarmania.cz\/index.php\/osobnosti\/bernhard-ten-brinke\/\" \/>\n<meta property=\"og:locale\" content=\"cs_CZ\" \/>\n<meta property=\"og:type\" content=\"article\" \/>\n<meta property=\"og:title\" content=\"Bernhard ten Brinke - DAKARMANIA.cz\" \/>\n<meta property=\"og:description\" content=\"Bernhard ten Brinke je nizozemsk\u00fd automobilov\u00fd z\u00e1vodn\u00edk, n\u011bkolikan\u00e1sobn\u00fd \u00fa\u010dastn\u00edk Rally Dakar a dal\u0161\u00edch mezin\u00e1rodn\u00edch cross-country rally.\" \/>\n<meta property=\"og:url\" content=\"https:\/\/www.dakarmania.cz\/index.php\/osobnosti\/bernhard-ten-brinke\/\" \/>\n<meta property=\"og:site_name\" content=\"DAKARMANIA.cz\" \/>\n<meta property=\"article:publisher\" content=\"https:\/\/www.facebook.com\/dakarmania\/\" \/>\n<meta property=\"article:modified_time\" content=\"2021-08-10T09:21:18+00:00\" \/>\n<meta property=\"og:image\" content=\"https:\/\/www.dakarmania.cz\/wp-content\/uploads\/2019\/10\/profile-ten-brinke-01.jpg\" \/>\n\t<meta property=\"og:image:width\" content=\"1600\" \/>\n\t<meta property=\"og:image:height\" content=\"711\" \/>\n\t<meta property=\"og:image:type\" content=\"image\/jpeg\" \/>\n<meta name=\"twitter:card\" content=\"summary_large_image\" \/>\n<meta name=\"twitter:label1\" content=\"Odhadovan\u00e1 doba \u010dten\u00ed\" \/>\n\t<meta name=\"twitter:data1\" content=\"3 minuty\" \/>\n<script type=\"application\/ld+json\" class=\"yoast-schema-graph\">{\"@context\":\"https:\/\/schema.org\",\"@graph\":[{\"@type\":\"WebPage\",\"@id\":\"https:\/\/www.dakarmania.cz\/index.php\/osobnosti\/bernhard-ten-brinke\/\",\"url\":\"https:\/\/www.dakarmania.cz\/index.php\/osobnosti\/bernhard-ten-brinke\/\",\"name\":\"Bernhard ten Brinke - DAKARMANIA.cz\",\"isPartOf\":{\"@id\":\"https:\/\/www.dakarmania.cz\/#website\"},\"primaryImageOfPage\":{\"@id\":\"https:\/\/www.dakarmania.cz\/index.php\/osobnosti\/bernhard-ten-brinke\/#primaryimage\"},\"image\":{\"@id\":\"https:\/\/www.dakarmania.cz\/index.php\/osobnosti\/bernhard-ten-brinke\/#primaryimage\"},\"thumbnailUrl\":\"https:\/\/www.dakarmania.cz\/wp-content\/uploads\/2019\/10\/profile-ten-brinke-01.jpg\",\"datePublished\":\"2019-10-04T12:48:24+00:00\",\"dateModified\":\"2021-08-10T09:21:18+00:00\",\"description\":\"Bernhard ten Brinke je nizozemsk\u00fd automobilov\u00fd z\u00e1vodn\u00edk, n\u011bkolikan\u00e1sobn\u00fd \u00fa\u010dastn\u00edk Rally Dakar a dal\u0161\u00edch mezin\u00e1rodn\u00edch cross-country rally.\",\"breadcrumb\":{\"@id\":\"https:\/\/www.dakarmania.cz\/index.php\/osobnosti\/bernhard-ten-brinke\/#breadcrumb\"},\"inLanguage\":\"cs\",\"potentialAction\":[{\"@type\":\"ReadAction\",\"target\":[\"https:\/\/www.dakarmania.cz\/index.php\/osobnosti\/bernhard-ten-brinke\/\"]}]},{\"@type\":\"ImageObject\",\"inLanguage\":\"cs\",\"@id\":\"https:\/\/www.dakarmania.cz\/index.php\/osobnosti\/bernhard-ten-brinke\/#primaryimage\",\"url\":\"https:\/\/www.dakarmania.cz\/wp-content\/uploads\/2019\/10\/profile-ten-brinke-01.jpg\",\"contentUrl\":\"https:\/\/www.dakarmania.cz\/wp-content\/uploads\/2019\/10\/profile-ten-brinke-01.jpg\",\"width\":1600,\"height\":711,\"caption\":\"Bernhard ten Brinke, Toyota Gazoo Racing SA. Rally Dakar 2019. \u00a9 Toyota\"},{\"@type\":\"BreadcrumbList\",\"@id\":\"https:\/\/www.dakarmania.cz\/index.php\/osobnosti\/bernhard-ten-brinke\/#breadcrumb\",\"itemListElement\":[{\"@type\":\"ListItem\",\"position\":1,\"name\":\"Dom\u016f\",\"item\":\"https:\/\/www.dakarmania.cz\/\"},{\"@type\":\"ListItem\",\"position\":2,\"name\":\"Osobnosti\",\"item\":\"https:\/\/www.dakarmania.cz\/index.php\/osobnosti\/\"},{\"@type\":\"ListItem\",\"position\":3,\"name\":\"Bernhard ten Brinke\"}]},{\"@type\":\"WebSite\",\"@id\":\"https:\/\/www.dakarmania.cz\/#website\",\"url\":\"https:\/\/www.dakarmania.cz\/\",\"name\":\"DAKARMANIA.cz\",\"description\":\"\u017dijeme Dakarem cel\u00fd rok\",\"publisher\":{\"@id\":\"https:\/\/www.dakarmania.cz\/#organization\"},\"potentialAction\":[{\"@type\":\"SearchAction\",\"target\":{\"@type\":\"EntryPoint\",\"urlTemplate\":\"https:\/\/www.dakarmania.cz\/?s={search_term_string}\"},\"query-input\":{\"@type\":\"PropertyValueSpecification\",\"valueRequired\":true,\"valueName\":\"search_term_string\"}}],\"inLanguage\":\"cs\"},{\"@type\":\"Organization\",\"@id\":\"https:\/\/www.dakarmania.cz\/#organization\",\"name\":\"DAKAR MANIA\",\"url\":\"https:\/\/www.dakarmania.cz\/\",\"logo\":{\"@type\":\"ImageObject\",\"inLanguage\":\"cs\",\"@id\":\"https:\/\/www.dakarmania.cz\/#\/schema\/logo\/image\/\",\"url\":\"https:\/\/www.dakarmania.cz\/wp-content\/uploads\/2018\/12\/Dakar-Mania-Logo-Square-Orange.png\",\"contentUrl\":\"https:\/\/www.dakarmania.cz\/wp-content\/uploads\/2018\/12\/Dakar-Mania-Logo-Square-Orange.png\",\"width\":992,\"height\":992,\"caption\":\"DAKAR MANIA\"},\"image\":{\"@id\":\"https:\/\/www.dakarmania.cz\/#\/schema\/logo\/image\/\"},\"sameAs\":[\"https:\/\/www.facebook.com\/dakarmania\/\"]}]}<\/script>\n<!-- \/ Yoast SEO plugin. -->","yoast_head_json":{"title":"Bernhard ten Brinke - DAKARMANIA.cz","description":"Bernhard ten Brinke je nizozemsk\u00fd automobilov\u00fd z\u00e1vodn\u00edk, n\u011bkolikan\u00e1sobn\u00fd \u00fa\u010dastn\u00edk Rally Dakar a dal\u0161\u00edch mezin\u00e1rodn\u00edch cross-country rally.","robots":{"index":"index","follow":"follow","max-snippet":"max-snippet:-1","max-image-preview":"max-image-preview:large","max-video-preview":"max-video-preview:-1"},"canonical":"https:\/\/www.dakarmania.cz\/index.php\/osobnosti\/bernhard-ten-brinke\/","og_locale":"cs_CZ","og_type":"article","og_title":"Bernhard ten Brinke - DAKARMANIA.cz","og_description":"Bernhard ten Brinke je nizozemsk\u00fd automobilov\u00fd z\u00e1vodn\u00edk, n\u011bkolikan\u00e1sobn\u00fd \u00fa\u010dastn\u00edk Rally Dakar a dal\u0161\u00edch mezin\u00e1rodn\u00edch cross-country rally.","og_url":"https:\/\/www.dakarmania.cz\/index.php\/osobnosti\/bernhard-ten-brinke\/","og_site_name":"DAKARMANIA.cz","article_publisher":"https:\/\/www.facebook.com\/dakarmania\/","article_modified_time":"2021-08-10T09:21:18+00:00","og_image":[{"width":1600,"height":711,"url":"https:\/\/www.dakarmania.cz\/wp-content\/uploads\/2019\/10\/profile-ten-brinke-01.jpg","type":"image\/jpeg"}],"twitter_card":"summary_large_image","twitter_misc":{"Odhadovan\u00e1 doba \u010dten\u00ed":"3 minuty"},"schema":{"@context":"https:\/\/schema.org","@graph":[{"@type":"WebPage","@id":"https:\/\/www.dakarmania.cz\/index.php\/osobnosti\/bernhard-ten-brinke\/","url":"https:\/\/www.dakarmania.cz\/index.php\/osobnosti\/bernhard-ten-brinke\/","name":"Bernhard ten Brinke - DAKARMANIA.cz","isPartOf":{"@id":"https:\/\/www.dakarmania.cz\/#website"},"primaryImageOfPage":{"@id":"https:\/\/www.dakarmania.cz\/index.php\/osobnosti\/bernhard-ten-brinke\/#primaryimage"},"image":{"@id":"https:\/\/www.dakarmania.cz\/index.php\/osobnosti\/bernhard-ten-brinke\/#primaryimage"},"thumbnailUrl":"https:\/\/www.dakarmania.cz\/wp-content\/uploads\/2019\/10\/profile-ten-brinke-01.jpg","datePublished":"2019-10-04T12:48:24+00:00","dateModified":"2021-08-10T09:21:18+00:00","description":"Bernhard ten Brinke je nizozemsk\u00fd automobilov\u00fd z\u00e1vodn\u00edk, n\u011bkolikan\u00e1sobn\u00fd \u00fa\u010dastn\u00edk Rally Dakar a dal\u0161\u00edch mezin\u00e1rodn\u00edch cross-country rally.","breadcrumb":{"@id":"https:\/\/www.dakarmania.cz\/index.php\/osobnosti\/bernhard-ten-brinke\/#breadcrumb"},"inLanguage":"cs","potentialAction":[{"@type":"ReadAction","target":["https:\/\/www.dakarmania.cz\/index.php\/osobnosti\/bernhard-ten-brinke\/"]}]},{"@type":"ImageObject","inLanguage":"cs","@id":"https:\/\/www.dakarmania.cz\/index.php\/osobnosti\/bernhard-ten-brinke\/#primaryimage","url":"https:\/\/www.dakarmania.cz\/wp-content\/uploads\/2019\/10\/profile-ten-brinke-01.jpg","contentUrl":"https:\/\/www.dakarmania.cz\/wp-content\/uploads\/2019\/10\/profile-ten-brinke-01.jpg","width":1600,"height":711,"caption":"Bernhard ten Brinke, Toyota Gazoo Racing SA. Rally Dakar 2019. \u00a9 Toyota"},{"@type":"BreadcrumbList","@id":"https:\/\/www.dakarmania.cz\/index.php\/osobnosti\/bernhard-ten-brinke\/#breadcrumb","itemListElement":[{"@type":"ListItem","position":1,"name":"Dom\u016f","item":"https:\/\/www.dakarmania.cz\/"},{"@type":"ListItem","position":2,"name":"Osobnosti","item":"https:\/\/www.dakarmania.cz\/index.php\/osobnosti\/"},{"@type":"ListItem","position":3,"name":"Bernhard ten Brinke"}]},{"@type":"WebSite","@id":"https:\/\/www.dakarmania.cz\/#website","url":"https:\/\/www.dakarmania.cz\/","name":"DAKARMANIA.cz","description":"\u017dijeme Dakarem cel\u00fd rok","publisher":{"@id":"https:\/\/www.dakarmania.cz\/#organization"},"potentialAction":[{"@type":"SearchAction","target":{"@type":"EntryPoint","urlTemplate":"https:\/\/www.dakarmania.cz\/?s={search_term_string}"},"query-input":{"@type":"PropertyValueSpecification","valueRequired":true,"valueName":"search_term_string"}}],"inLanguage":"cs"},{"@type":"Organization","@id":"https:\/\/www.dakarmania.cz\/#organization","name":"DAKAR MANIA","url":"https:\/\/www.dakarmania.cz\/","logo":{"@type":"ImageObject","inLanguage":"cs","@id":"https:\/\/www.dakarmania.cz\/#\/schema\/logo\/image\/","url":"https:\/\/www.dakarmania.cz\/wp-content\/uploads\/2018\/12\/Dakar-Mania-Logo-Square-Orange.png","contentUrl":"https:\/\/www.dakarmania.cz\/wp-content\/uploads\/2018\/12\/Dakar-Mania-Logo-Square-Orange.png","width":992,"height":992,"caption":"DAKAR MANIA"},"image":{"@id":"https:\/\/www.dakarmania.cz\/#\/schema\/logo\/image\/"},"sameAs":["https:\/\/www.facebook.com\/dakarmania\/"]}]}},"amp_enabled":false,"_links":{"self":[{"href":"https:\/\/www.dakarmania.cz\/index.php\/wp-json\/wp\/v2\/pages\/12050","targetHints":{"allow":["GET"]}}],"collection":[{"href":"https:\/\/www.dakarmania.cz\/index.php\/wp-json\/wp\/v2\/pages"}],"about":[{"href":"https:\/\/www.dakarmania.cz\/index.php\/wp-json\/wp\/v2\/types\/page"}],"author":[{"embeddable":true,"href":"https:\/\/www.dakarmania.cz\/index.php\/wp-json\/wp\/v2\/users\/1"}],"replies":[{"embeddable":true,"href":"https:\/\/www.dakarmania.cz\/index.php\/wp-json\/wp\/v2\/comments?post=12050"}],"version-history":[{"count":8,"href":"https:\/\/www.dakarmania.cz\/index.php\/wp-json\/wp\/v2\/pages\/12050\/revisions"}],"predecessor-version":[{"id":22406,"href":"https:\/\/www.dakarmania.cz\/index.php\/wp-json\/wp\/v2\/pages\/12050\/revisions\/22406"}],"up":[{"embeddable":true,"href":"https:\/\/www.dakarmania.cz\/index.php\/wp-json\/wp\/v2\/pages\/3629"}],"wp:featuredmedia":[{"embeddable":true,"href":"https:\/\/www.dakarmania.cz\/index.php\/wp-json\/wp\/v2\/media\/12044"}],"wp:attachment":[{"href":"https:\/\/www.dakarmania.cz\/index.php\/wp-json\/wp\/v2\/media?parent=12050"}],"curies":[{"name":"wp","href":"https:\/\/api.w.org\/{rel}","templated":true}]}}