{"id":19086,"date":"2021-04-28T23:41:41","date_gmt":"2021-04-28T21:41:41","guid":{"rendered":"https:\/\/www.dakarmania.cz\/?page_id=19086"},"modified":"2023-08-21T22:08:40","modified_gmt":"2023-08-21T20:08:40","slug":"baja-russia-2021","status":"publish","type":"page","link":"https:\/\/www.dakarmania.cz\/index.php\/souteze\/baja-russia-2021\/","title":{"rendered":"Baja Russia Northern Forest 2021"},"content":{"rendered":"<p>[vc_row css_animation=&#8221;fadeIn&#8221; no_sep_borders=&#8221;yes&#8221;][vc_column][vc_btn title=&#8221;Sout\u011b\u017ee&#8221; style=&#8221;outline&#8221; shape=&#8221;square&#8221; color=&#8221;warning&#8221; size=&#8221;xs&#8221; align=&#8221;right&#8221; i_align=&#8221;right&#8221; i_icon_fontawesome=&#8221;fa fa-chevron-up&#8221; css_animation=&#8221;fadeIn&#8221; add_icon=&#8221;true&#8221; css=&#8221;.vc_custom_1619641442353{padding-right: 1px !important;padding-left: 1px !important;}&#8221; link=&#8221;url:%2Findex.php%2Fsouteze%2F|||&#8221;][vc_column_text css_animation=&#8221;fadeIn&#8221; css=&#8221;.vc_custom_1619641551475{padding-top: 200px !important;padding-right: 15px !important;padding-bottom: 15px !important;padding-left: 15px !important;background: #f2f2f2 url(https:\/\/www.dakarmania.cz\/wp-content\/uploads\/2021\/04\/21-russia-vasiljev-header-01.jpg?id=19084) !important;background-position: center !important;background-repeat: no-repeat !important;background-size: cover !important;}&#8221;]<\/p>\n<h1 style=\"text-align: left;\"><span style=\"background-color: #ee8027; opacity: 0.7;\"><span style=\"color: #ffffff; padding: 10px;\">BAJA RUSSIA 2021<\/span><br \/>\n<\/span><\/h1>\n<p>[\/vc_column_text][vc_empty_space height=&#8221;2px&#8221;][vc_row_inner el_id=&#8221;info&#8221;][vc_column_inner width=&#8221;1\/2&#8243;][vc_column_text css_animation=&#8221;fadeIn&#8221;]<strong>17. ro\u010dn\u00edk | 4. a\u017e 7. \u00fanora | Igora Drive Sports &amp; Entertainment Complex, Leningradsk\u00e1 oblast, Rusko<\/strong><\/p>\n<p>Celkem 717 km, z toho 480 km rychlostn\u00edch zkou\u0161ek<\/p>\n<p>1. podnik <a href=\"\/index.php\/sampionaty\/sp-fia-baja-2021\/\"><span style=\"color: #ee8027;\">Sv\u011btov\u00e9ho poh\u00e1ru FIA v cross-country baj\u00e1ch 2021<\/span><\/a>[\/vc_column_text][\/vc_column_inner][vc_column_inner width=&#8221;1\/2&#8243;][vc_btn title=&#8221;V\u00edt\u011bzov\u00e9&#8221; style=&#8221;outline&#8221; shape=&#8221;square&#8221; color=&#8221;default&#8221; align=&#8221;center&#8221; i_icon_fontawesome=&#8221;fa fa-trophy&#8221; css_animation=&#8221;fadeIn&#8221; button_block=&#8221;true&#8221; add_icon=&#8221;true&#8221; link=&#8221;url:%2Findex.php%2Fpripravujeme%2F|||&#8221; css=&#8221;.vc_custom_1619641632127{margin-top: 2px !important;margin-right: 5px !important;margin-bottom: 2px !important;margin-left: 5px !important;}&#8221;][\/vc_column_inner][\/vc_row_inner][vc_btn title=&#8221;V\u00fdsledky: SP FIA (celkov\u011b)&#8221; style=&#8221;classic&#8221; shape=&#8221;square&#8221; color=&#8221;warning&#8221; size=&#8221;xs&#8221; i_icon_fontawesome=&#8221;fa fa-list-ol&#8221; css_animation=&#8221;fadeIn&#8221; add_icon=&#8221;true&#8221; css=&#8221;.vc_custom_1619647090028{padding-right: 1px !important;padding-left: 1px !important;}&#8221; link=&#8221;url:%2Findex.php%2Fsouteze%2Fbaja-russia-2021%2F%23sp-fia|||&#8221;][vc_btn title=&#8221;V\u00fdsledky: SP FIA (T3)&#8221; style=&#8221;classic&#8221; shape=&#8221;square&#8221; color=&#8221;warning&#8221; size=&#8221;xs&#8221; i_icon_fontawesome=&#8221;fa fa-list-ol&#8221; css_animation=&#8221;fadeIn&#8221; add_icon=&#8221;true&#8221; css=&#8221;.vc_custom_1619647106865{padding-right: 1px !important;padding-left: 1px !important;}&#8221; link=&#8221;url:%2Findex.php%2Fsouteze%2Fbaja-russia-2021%2F%23sp-fia-t3|||&#8221;][vc_btn title=&#8221;V\u00fdsledky: SP FIA (T4)&#8221; style=&#8221;classic&#8221; shape=&#8221;square&#8221; color=&#8221;warning&#8221; size=&#8221;xs&#8221; i_icon_fontawesome=&#8221;fa fa-list-ol&#8221; css_animation=&#8221;fadeIn&#8221; add_icon=&#8221;true&#8221; css=&#8221;.vc_custom_1619647127723{padding-right: 1px !important;padding-left: 1px !important;}&#8221; link=&#8221;url:%2Findex.php%2Fsouteze%2Fbaja-russia-2021%2F%23sp-fia-t4|||&#8221;][vc_tta_pageable no_fill_content_area=&#8221;1&#8243; active_section=&#8221;1&#8243; pagination_style=&#8221;&#8221; css_animation=&#8221;fadeIn&#8221; el_id=&#8221;vysledky&#8221; css=&#8221;.vc_custom_1566586979997{padding-right: 10px !important;padding-left: 10px !important;background-color: #f4f4f4 !important;}&#8221;][vc_tta_section title=&#8221;SP FIA&#8221; tab_id=&#8221;sp-fia&#8221;][vc_row_inner][vc_column_inner][vc_column_text css_animation=&#8221;fadeIn&#8221;]<\/p>\n<table style=\"width: 97.7654%;\" rules=\"rows\" cellpadding=\"4px\">\n<tbody>\n<tr style=\"background-color: #808080; color: white;\">\n<td style=\"text-align: center;\" colspan=\"4\"><span style=\"font-size: 10pt;\"><strong>BAJA RUSSIA NORTHERN FOREST 2021<br \/>\nSV\u011aTOV\u00dd POH\u00c1R FIA<br \/>\nkone\u010dn\u00e9 v\u00fdsledky<\/strong><\/span><\/td>\n<\/tr>\n<tr style=\"background-color: #f2f2f2; vertical-align: top;\">\n<td>1.<\/td>\n<td><a href=\"\/index.php\/osobnosti\/vladimir-vasiljev\/\"><span style=\"color: #ee8027;\">Vladimir Vasiljev<\/span><\/a> \/ <a href=\"\/index.php\/osobnosti\/alexej-kuzmic\/\"><span style=\"color: #ee8027;\">Alexej Kuzmi\u010d<\/span><\/a><\/td>\n<td>BMW X3<\/td>\n<td style=\"text-align: right;\">5:37:58<\/td>\n<\/tr>\n<tr style=\"background-color: #dbd9d9; vertical-align: top;\">\n<td>2.<\/td>\n<td><a href=\"\/index.php\/osobnosti\/andrej-novikov\/\"><span style=\"color: #ee8027;\">Andrej Novikov<\/span><\/a> \/ Vladimir Novikov<\/td>\n<td>G-Force BARS<\/td>\n<td style=\"text-align: right;\">5:46:27<\/td>\n<\/tr>\n<tr style=\"background-color: #f2f2f2; vertical-align: top;\">\n<td>3.<\/td>\n<td>Boris Gadasin \/ Dmitrij Ko\u017euchov<\/td>\n<td>G-Force T3GT<\/td>\n<td style=\"text-align: right;\">6:10:54<\/td>\n<\/tr>\n<tr style=\"background-color: #dbd9d9; vertical-align: top;\">\n<td>4.<\/td>\n<td><a href=\"\/index.php\/osobnosti\/jevgenij-suchovenko\/\"><span style=\"color: #ee8027;\">Jevgenij Suchovenko<\/span><\/a> \/ Kirill \u010capajev<\/td>\n<td>GAZ<\/td>\n<td style=\"text-align: right;\">6:18:00<\/td>\n<\/tr>\n<tr style=\"background-color: #f2f2f2; vertical-align: top;\">\n<td>5.<\/td>\n<td><a href=\"\/index.php\/osobnosti\/anastasija-nifontova\/\"><span style=\"color: #ee8027;\">Anastasija Nifontova<\/span><\/a> \/ <a href=\"\/index.php\/osobnosti\/jekaterina-zadanova\/\"><span style=\"color: #ee8027;\">Jekat\u011brina \u017dadanova<\/span><\/a><\/td>\n<td>Can-Am Maverick X3<\/td>\n<td style=\"text-align: right;\">6:28:04<\/td>\n<\/tr>\n<tr style=\"background-color: #dbd9d9; vertical-align: top;\">\n<td>6.<\/td>\n<td><a href=\"\/index.php\/osobnosti\/andrej-rudskoj\/\"><span style=\"color: #ee8027;\">Andrej Rudskoj<\/span><\/a> \/ <a href=\"\/index.php\/osobnosti\/jevgenij-zagorodnuk\/\"><span style=\"color: #ee8027;\">Jevgenij Zagorod\u0148uk<\/span><\/a><\/td>\n<td>G-Force BARS<\/td>\n<td style=\"text-align: right;\">6:29:03<\/td>\n<\/tr>\n<tr style=\"background-color: #f2f2f2; vertical-align: top;\">\n<td>7.<\/td>\n<td>Alexej Ignatov \/ Jevgenij Pavlov<\/td>\n<td>GAZ Gazelle Next<\/td>\n<td style=\"text-align: right;\">6:44:58<\/td>\n<\/tr>\n<tr style=\"background-color: #dbd9d9; vertical-align: top;\">\n<td>8.<\/td>\n<td><a href=\"\/index.php\/osobnosti\/claude-fournier\/\"><span style=\"color: #ee8027;\">Claude Fournier<\/span><\/a> \/ <a href=\"\/index.php\/osobnosti\/sebastien-delaunay\/\"><span style=\"color: #ee8027;\">S\u00e9bastien Delaunay<\/span><\/a><\/td>\n<td>Can-Am Maverick X3<\/td>\n<td style=\"text-align: right;\">6:48:48<\/td>\n<\/tr>\n<tr style=\"background-color: #f2f2f2; vertical-align: top;\">\n<td>9.<\/td>\n<td><a href=\"\/index.php\/osobnosti\/aldis-vilcans\/\"><span style=\"color: #ee8027;\">Aldis Vilc\u0101ns<\/span><\/a> \/ Alexandr Gorkov<\/td>\n<td>Toyota Land Cruiser 200<\/td>\n<td style=\"text-align: right;\">6:53:59<\/td>\n<\/tr>\n<tr style=\"background-color: #dbd9d9; vertical-align: top;\">\n<td>10.<\/td>\n<td>Anvar Erga\u0161ev \/ <a href=\"\/index.php\/osobnosti\/andrej-rudnickij\/\"><span style=\"color: #ee8027;\">Andrej Rudnickij<\/span><\/a><\/td>\n<td>Can-Am Maverick X3<\/td>\n<td style=\"text-align: right;\">7:21:11<\/td>\n<\/tr>\n<tr style=\"background-color: #f2f2f2; vertical-align: top;\">\n<td>11.<\/td>\n<td><a href=\"\/index.php\/osobnosti\/denis-krotov\/\"><span style=\"color: #ee8027;\">Denis Krotov<\/span><\/a> \/ <a href=\"\/index.php\/osobnosti\/konstantin-zilcov\/\"><span style=\"color: #ee8027;\">Konstantin \u017dilcov<\/span><\/a><\/td>\n<td>BMW X3<\/td>\n<td style=\"text-align: right;\">8:29:53<\/td>\n<\/tr>\n<tr style=\"background-color: #dbd9d9; vertical-align: top;\">\n<td>12.<\/td>\n<td>Patrycja Brochocka \/ <a href=\"\/index.php\/osobnosti\/maciej-marton\/\"><span style=\"color: #ee8027;\">Maciej Marton<\/span><\/a><\/td>\n<td>Toyota Land Cruiser 200<\/td>\n<td style=\"text-align: right;\">8:58:00<\/td>\n<\/tr>\n<tr style=\"background-color: #f2f2f2; vertical-align: top;\">\n<td>13.<\/td>\n<td><a href=\"\/index.php\/osobnosti\/sergej-uspenskij\/\"><span style=\"color: #ee8027;\">Sergej Uspenskij<\/span><\/a> \/ Marina Danilova<\/td>\n<td>Nissan NP300 Pick-Up<\/td>\n<td style=\"text-align: right;\">11:40:28<\/td>\n<\/tr>\n<tr style=\"background-color: #dbd9d9; vertical-align: top;\">\n<td>14.<\/td>\n<td>Jurij Ar\u0161anskij \/ Alexandr Andrejev<\/td>\n<td>Can-Am Maverick X3<\/td>\n<td style=\"text-align: right;\">15:06:06<\/td>\n<\/tr>\n<tr style=\"background-color: #f2f2f2; vertical-align: top;\">\n<td>15.<\/td>\n<td><a href=\"\/index.php\/osobnosti\/anton-melnikov\/\"><span style=\"color: #ee8027;\">Anton M\u011blnikov<\/span><\/a> \/ <a href=\"\/index.php\/osobnosti\/anton-nikolajev\/\"><span style=\"color: #ee8027;\">Anton Nikolajev<\/span><\/a><\/td>\n<td>Toyota Land Cruiser 200<\/td>\n<td style=\"text-align: right;\">29:54:03<\/td>\n<\/tr>\n<tr style=\"background-color: #dbd9d9; vertical-align: top;\">\n<td>16.<\/td>\n<td>Sergio Galletti \/ <a href=\"\/index.php\/osobnosti\/massimiliano-catarsi\/\"><span style=\"color: #ee8027;\">Massimiliano Catarsi<\/span><\/a><\/td>\n<td>Toyota Hilux<\/td>\n<td style=\"text-align: right;\">33:45:13<\/td>\n<\/tr>\n<tr style=\"background-color: #808080;\">\n<td style=\"text-align: center;\" colspan=\"4\"><\/td>\n<\/tr>\n<tr style=\"background-color: #dbd9d9; vertical-align: top;\">\n<td>DNF<\/td>\n<td>Ta\u0165jana Sy\u010dova \/ Alexandr Alexejev<\/td>\n<td>Can-Am Maverick X3<\/td>\n<td style=\"text-align: right;\"><\/td>\n<\/tr>\n<tr style=\"background-color: #f2f2f2; vertical-align: top;\">\n<td>DNF<\/td>\n<td><a href=\"\/index.php\/osobnosti\/andrea-schiumarini\/\"><span style=\"color: #ee8027;\">Andrea Schiumarini<\/span><\/a> \/ <a href=\"\/index.php\/osobnosti\/jacopo-cerutti\/\"><span style=\"color: #ee8027;\">Jacopo Cerutti<\/span><\/a><\/td>\n<td>Mitsubishi Pajero<\/td>\n<td style=\"text-align: right;\"><\/td>\n<\/tr>\n<tr style=\"background-color: #dbd9d9; vertical-align: top;\">\n<td>DNF<\/td>\n<td><a href=\"\/index.php\/osobnosti\/andrej-susencov\/\"><span style=\"color: #ee8027;\">Andrej Su\u0161encov<\/span><\/a> \/ Dmitrij Pavlov<\/td>\n<td>Toyota Land Cruiser 200<\/td>\n<td style=\"text-align: right;\"><\/td>\n<\/tr>\n<\/tbody>\n<\/table>\n<p>[\/vc_column_text][\/vc_column_inner][\/vc_row_inner][\/vc_tta_section][vc_tta_section title=&#8221;T3&#8243; tab_id=&#8221;sp-fia-t3&#8243;][vc_row_inner][vc_column_inner][vc_column_text css_animation=&#8221;fadeIn&#8221;]<\/p>\n<table style=\"width: 97.7654%;\" rules=\"rows\" cellpadding=\"4px\">\n<tbody>\n<tr style=\"background-color: #808080; color: white;\">\n<td style=\"text-align: center;\" colspan=\"4\"><span style=\"font-size: 10pt;\"><strong>BAJA RUSSIA NORTHERN FOREST 2021<br \/>\nSV\u011aTOV\u00dd POH\u00c1R FIA &#8211; SKUPINA T3<br \/>\nkone\u010dn\u00e9 v\u00fdsledky<\/strong><\/span><\/td>\n<\/tr>\n<tr style=\"background-color: #dbd9d9; vertical-align: top;\">\n<td>1.<\/td>\n<td>Boris Gadasin \/ Dmitrij Ko\u017euchov<\/td>\n<td>G-Force T3GT<\/td>\n<td style=\"text-align: right;\">6:10:54<\/td>\n<\/tr>\n<tr style=\"background-color: #f2f2f2; vertical-align: top;\">\n<td>2.<\/td>\n<td><a href=\"\/index.php\/osobnosti\/anastasija-nifontova\/\"><span style=\"color: #ee8027;\">Anastasija Nifontova<\/span><\/a> \/ <a href=\"\/index.php\/osobnosti\/jekaterina-zadanova\/\"><span style=\"color: #ee8027;\">Jekat\u011brina \u017dadanova<\/span><\/a><\/td>\n<td>Can-Am Maverick X3<\/td>\n<td style=\"text-align: right;\">6:28:04<\/td>\n<\/tr>\n<tr style=\"background-color: #dbd9d9; vertical-align: top;\">\n<td>3.<\/td>\n<td>Anvar Erga\u0161ev \/ <a href=\"\/index.php\/osobnosti\/andrej-rudnickij\/\"><span style=\"color: #ee8027;\">Andrej Rudnickij<\/span><\/a><\/td>\n<td>Can-Am Maverick X3<\/td>\n<td style=\"text-align: right;\">7:21:11<\/td>\n<\/tr>\n<tr style=\"background-color: #f2f2f2; vertical-align: top;\">\n<td>4.<\/td>\n<td>Jurij Ar\u0161anskij \/ Alexandr Andrejev<\/td>\n<td>Can-Am Maverick X3<\/td>\n<td style=\"text-align: right;\">15:06:06<\/td>\n<\/tr>\n<tr style=\"background-color: #808080;\">\n<td style=\"text-align: center;\" colspan=\"4\"><\/td>\n<\/tr>\n<tr style=\"background-color: #dbd9d9; vertical-align: top;\">\n<td>DNF<\/td>\n<td>Ta\u0165jana Sy\u010dova \/ Alexandr Alexejev<\/td>\n<td>Can-Am Maverick X3<\/td>\n<td style=\"text-align: right;\"><\/td>\n<\/tr>\n<\/tbody>\n<\/table>\n<p>[\/vc_column_text][\/vc_column_inner][\/vc_row_inner][\/vc_tta_section][vc_tta_section title=&#8221;T4&#8243; tab_id=&#8221;sp-fia-t4&#8243;][vc_row_inner][vc_column_inner][vc_column_text css_animation=&#8221;fadeIn&#8221;]<\/p>\n<table style=\"width: 97.7654%;\" rules=\"rows\" cellpadding=\"4px\">\n<tbody>\n<tr style=\"background-color: #808080; color: white;\">\n<td style=\"text-align: center;\" colspan=\"4\"><span style=\"font-size: 10pt;\"><strong>BAJA RUSSIA NORTHERN FOREST 2021<br \/>\nSV\u011aTOV\u00dd POH\u00c1R FIA &#8211; SKUPINA T4<br \/>\nkone\u010dn\u00e9 v\u00fdsledky<\/strong><\/span><\/td>\n<\/tr>\n<tr style=\"background-color: #dbd9d9; vertical-align: top;\">\n<td>1.<\/td>\n<td><a href=\"\/index.php\/osobnosti\/claude-fournier\/\"><span style=\"color: #ee8027;\">Claude Fournier<\/span><\/a> \/ <a href=\"\/index.php\/osobnosti\/sebastien-delaunay\/\"><span style=\"color: #ee8027;\">S\u00e9bastien Delaunay<\/span><\/a><\/td>\n<td>Can-Am Maverick X3<\/td>\n<td style=\"text-align: right;\">6:48:48<\/td>\n<\/tr>\n<\/tbody>\n<\/table>\n<p>[\/vc_column_text][\/vc_column_inner][\/vc_row_inner][\/vc_tta_section][\/vc_tta_pageable][\/vc_column][\/vc_row]<\/p>\n","protected":false},"excerpt":{"rendered":"<p>Baja Russia Northern Forest 2021 | 17. ro\u010dn\u00edk sout\u011b\u017ee | 1. podnik Sv\u011btov\u00e9ho poh\u00e1ru FIA v cross-country baj\u00e1ch 2021 <\/p>\n","protected":false},"author":1,"featured_media":19084,"parent":4410,"menu_order":0,"comment_status":"closed","ping_status":"closed","template":"page-templates\/builder.php","meta":{"footnotes":""},"class_list":["post-19086","page","type-page","status-publish","has-post-thumbnail","hentry"],"yoast_head":"<!-- This site is optimized with the Yoast SEO plugin v24.9 - https:\/\/yoast.com\/wordpress\/plugins\/seo\/ -->\n<title>Baja Russia Northern Forest 2021 - DAKARMANIA.cz<\/title>\n<meta name=\"description\" content=\"Baja Russia Northern Forest 2021 | 17. ro\u010dn\u00edk sout\u011b\u017ee | 1. podnik Sv\u011btov\u00e9ho poh\u00e1ru FIA v cross-country baj\u00e1ch 2021\" \/>\n<meta name=\"robots\" content=\"index, follow, max-snippet:-1, max-image-preview:large, max-video-preview:-1\" \/>\n<link rel=\"canonical\" href=\"https:\/\/www.dakarmania.cz\/index.php\/souteze\/baja-russia-2021\/\" \/>\n<meta property=\"og:locale\" content=\"cs_CZ\" \/>\n<meta property=\"og:type\" content=\"article\" \/>\n<meta property=\"og:title\" content=\"Baja Russia Northern Forest 2021 - DAKARMANIA.cz\" \/>\n<meta property=\"og:description\" content=\"Baja Russia Northern Forest 2021 | 17. ro\u010dn\u00edk sout\u011b\u017ee | 1. podnik Sv\u011btov\u00e9ho poh\u00e1ru FIA v cross-country baj\u00e1ch 2021\" \/>\n<meta property=\"og:url\" content=\"https:\/\/www.dakarmania.cz\/index.php\/souteze\/baja-russia-2021\/\" \/>\n<meta property=\"og:site_name\" content=\"DAKARMANIA.cz\" \/>\n<meta property=\"article:publisher\" content=\"https:\/\/www.facebook.com\/dakarmania\/\" \/>\n<meta property=\"article:modified_time\" content=\"2023-08-21T20:08:40+00:00\" \/>\n<meta property=\"og:image\" content=\"https:\/\/www.dakarmania.cz\/wp-content\/uploads\/2021\/04\/21-russia-vasiljev-header-01.jpg\" \/>\n\t<meta property=\"og:image:width\" content=\"1600\" \/>\n\t<meta property=\"og:image:height\" content=\"710\" \/>\n\t<meta property=\"og:image:type\" content=\"image\/jpeg\" \/>\n<meta name=\"twitter:card\" content=\"summary_large_image\" \/>\n<meta name=\"twitter:label1\" content=\"Odhadovan\u00e1 doba \u010dten\u00ed\" \/>\n\t<meta name=\"twitter:data1\" content=\"3 minuty\" \/>\n<script type=\"application\/ld+json\" class=\"yoast-schema-graph\">{\"@context\":\"https:\/\/schema.org\",\"@graph\":[{\"@type\":\"WebPage\",\"@id\":\"https:\/\/www.dakarmania.cz\/index.php\/souteze\/baja-russia-2021\/\",\"url\":\"https:\/\/www.dakarmania.cz\/index.php\/souteze\/baja-russia-2021\/\",\"name\":\"Baja Russia Northern Forest 2021 - DAKARMANIA.cz\",\"isPartOf\":{\"@id\":\"https:\/\/www.dakarmania.cz\/#website\"},\"primaryImageOfPage\":{\"@id\":\"https:\/\/www.dakarmania.cz\/index.php\/souteze\/baja-russia-2021\/#primaryimage\"},\"image\":{\"@id\":\"https:\/\/www.dakarmania.cz\/index.php\/souteze\/baja-russia-2021\/#primaryimage\"},\"thumbnailUrl\":\"https:\/\/www.dakarmania.cz\/wp-content\/uploads\/2021\/04\/21-russia-vasiljev-header-01.jpg\",\"datePublished\":\"2021-04-28T21:41:41+00:00\",\"dateModified\":\"2023-08-21T20:08:40+00:00\",\"description\":\"Baja Russia Northern Forest 2021 | 17. ro\u010dn\u00edk sout\u011b\u017ee | 1. podnik Sv\u011btov\u00e9ho poh\u00e1ru FIA v cross-country baj\u00e1ch 2021\",\"breadcrumb\":{\"@id\":\"https:\/\/www.dakarmania.cz\/index.php\/souteze\/baja-russia-2021\/#breadcrumb\"},\"inLanguage\":\"cs\",\"potentialAction\":[{\"@type\":\"ReadAction\",\"target\":[\"https:\/\/www.dakarmania.cz\/index.php\/souteze\/baja-russia-2021\/\"]}]},{\"@type\":\"ImageObject\",\"inLanguage\":\"cs\",\"@id\":\"https:\/\/www.dakarmania.cz\/index.php\/souteze\/baja-russia-2021\/#primaryimage\",\"url\":\"https:\/\/www.dakarmania.cz\/wp-content\/uploads\/2021\/04\/21-russia-vasiljev-header-01.jpg\",\"contentUrl\":\"https:\/\/www.dakarmania.cz\/wp-content\/uploads\/2021\/04\/21-russia-vasiljev-header-01.jpg\",\"width\":1600,\"height\":710,\"caption\":\"Vladimir Vasiljev\/Alexej Kuzmi\u010d, BMW X3, VRT. Baja Russia Northern Forest 2021. \u00a9 BRNF Media\"},{\"@type\":\"BreadcrumbList\",\"@id\":\"https:\/\/www.dakarmania.cz\/index.php\/souteze\/baja-russia-2021\/#breadcrumb\",\"itemListElement\":[{\"@type\":\"ListItem\",\"position\":1,\"name\":\"Dom\u016f\",\"item\":\"https:\/\/www.dakarmania.cz\/\"},{\"@type\":\"ListItem\",\"position\":2,\"name\":\"Sout\u011b\u017ee\",\"item\":\"https:\/\/www.dakarmania.cz\/index.php\/souteze\/\"},{\"@type\":\"ListItem\",\"position\":3,\"name\":\"Baja Russia Northern Forest 2021\"}]},{\"@type\":\"WebSite\",\"@id\":\"https:\/\/www.dakarmania.cz\/#website\",\"url\":\"https:\/\/www.dakarmania.cz\/\",\"name\":\"DAKARMANIA.cz\",\"description\":\"\u017dijeme Dakarem cel\u00fd rok\",\"publisher\":{\"@id\":\"https:\/\/www.dakarmania.cz\/#organization\"},\"potentialAction\":[{\"@type\":\"SearchAction\",\"target\":{\"@type\":\"EntryPoint\",\"urlTemplate\":\"https:\/\/www.dakarmania.cz\/?s={search_term_string}\"},\"query-input\":{\"@type\":\"PropertyValueSpecification\",\"valueRequired\":true,\"valueName\":\"search_term_string\"}}],\"inLanguage\":\"cs\"},{\"@type\":\"Organization\",\"@id\":\"https:\/\/www.dakarmania.cz\/#organization\",\"name\":\"DAKAR MANIA\",\"url\":\"https:\/\/www.dakarmania.cz\/\",\"logo\":{\"@type\":\"ImageObject\",\"inLanguage\":\"cs\",\"@id\":\"https:\/\/www.dakarmania.cz\/#\/schema\/logo\/image\/\",\"url\":\"https:\/\/www.dakarmania.cz\/wp-content\/uploads\/2018\/12\/Dakar-Mania-Logo-Square-Orange.png\",\"contentUrl\":\"https:\/\/www.dakarmania.cz\/wp-content\/uploads\/2018\/12\/Dakar-Mania-Logo-Square-Orange.png\",\"width\":992,\"height\":992,\"caption\":\"DAKAR MANIA\"},\"image\":{\"@id\":\"https:\/\/www.dakarmania.cz\/#\/schema\/logo\/image\/\"},\"sameAs\":[\"https:\/\/www.facebook.com\/dakarmania\/\"]}]}<\/script>\n<!-- \/ Yoast SEO plugin. -->","yoast_head_json":{"title":"Baja Russia Northern Forest 2021 - DAKARMANIA.cz","description":"Baja Russia Northern Forest 2021 | 17. ro\u010dn\u00edk sout\u011b\u017ee | 1. podnik Sv\u011btov\u00e9ho poh\u00e1ru FIA v cross-country baj\u00e1ch 2021","robots":{"index":"index","follow":"follow","max-snippet":"max-snippet:-1","max-image-preview":"max-image-preview:large","max-video-preview":"max-video-preview:-1"},"canonical":"https:\/\/www.dakarmania.cz\/index.php\/souteze\/baja-russia-2021\/","og_locale":"cs_CZ","og_type":"article","og_title":"Baja Russia Northern Forest 2021 - DAKARMANIA.cz","og_description":"Baja Russia Northern Forest 2021 | 17. ro\u010dn\u00edk sout\u011b\u017ee | 1. podnik Sv\u011btov\u00e9ho poh\u00e1ru FIA v cross-country baj\u00e1ch 2021","og_url":"https:\/\/www.dakarmania.cz\/index.php\/souteze\/baja-russia-2021\/","og_site_name":"DAKARMANIA.cz","article_publisher":"https:\/\/www.facebook.com\/dakarmania\/","article_modified_time":"2023-08-21T20:08:40+00:00","og_image":[{"width":1600,"height":710,"url":"https:\/\/www.dakarmania.cz\/wp-content\/uploads\/2021\/04\/21-russia-vasiljev-header-01.jpg","type":"image\/jpeg"}],"twitter_card":"summary_large_image","twitter_misc":{"Odhadovan\u00e1 doba \u010dten\u00ed":"3 minuty"},"schema":{"@context":"https:\/\/schema.org","@graph":[{"@type":"WebPage","@id":"https:\/\/www.dakarmania.cz\/index.php\/souteze\/baja-russia-2021\/","url":"https:\/\/www.dakarmania.cz\/index.php\/souteze\/baja-russia-2021\/","name":"Baja Russia Northern Forest 2021 - DAKARMANIA.cz","isPartOf":{"@id":"https:\/\/www.dakarmania.cz\/#website"},"primaryImageOfPage":{"@id":"https:\/\/www.dakarmania.cz\/index.php\/souteze\/baja-russia-2021\/#primaryimage"},"image":{"@id":"https:\/\/www.dakarmania.cz\/index.php\/souteze\/baja-russia-2021\/#primaryimage"},"thumbnailUrl":"https:\/\/www.dakarmania.cz\/wp-content\/uploads\/2021\/04\/21-russia-vasiljev-header-01.jpg","datePublished":"2021-04-28T21:41:41+00:00","dateModified":"2023-08-21T20:08:40+00:00","description":"Baja Russia Northern Forest 2021 | 17. ro\u010dn\u00edk sout\u011b\u017ee | 1. podnik Sv\u011btov\u00e9ho poh\u00e1ru FIA v cross-country baj\u00e1ch 2021","breadcrumb":{"@id":"https:\/\/www.dakarmania.cz\/index.php\/souteze\/baja-russia-2021\/#breadcrumb"},"inLanguage":"cs","potentialAction":[{"@type":"ReadAction","target":["https:\/\/www.dakarmania.cz\/index.php\/souteze\/baja-russia-2021\/"]}]},{"@type":"ImageObject","inLanguage":"cs","@id":"https:\/\/www.dakarmania.cz\/index.php\/souteze\/baja-russia-2021\/#primaryimage","url":"https:\/\/www.dakarmania.cz\/wp-content\/uploads\/2021\/04\/21-russia-vasiljev-header-01.jpg","contentUrl":"https:\/\/www.dakarmania.cz\/wp-content\/uploads\/2021\/04\/21-russia-vasiljev-header-01.jpg","width":1600,"height":710,"caption":"Vladimir Vasiljev\/Alexej Kuzmi\u010d, BMW X3, VRT. Baja Russia Northern Forest 2021. \u00a9 BRNF Media"},{"@type":"BreadcrumbList","@id":"https:\/\/www.dakarmania.cz\/index.php\/souteze\/baja-russia-2021\/#breadcrumb","itemListElement":[{"@type":"ListItem","position":1,"name":"Dom\u016f","item":"https:\/\/www.dakarmania.cz\/"},{"@type":"ListItem","position":2,"name":"Sout\u011b\u017ee","item":"https:\/\/www.dakarmania.cz\/index.php\/souteze\/"},{"@type":"ListItem","position":3,"name":"Baja Russia Northern Forest 2021"}]},{"@type":"WebSite","@id":"https:\/\/www.dakarmania.cz\/#website","url":"https:\/\/www.dakarmania.cz\/","name":"DAKARMANIA.cz","description":"\u017dijeme Dakarem cel\u00fd rok","publisher":{"@id":"https:\/\/www.dakarmania.cz\/#organization"},"potentialAction":[{"@type":"SearchAction","target":{"@type":"EntryPoint","urlTemplate":"https:\/\/www.dakarmania.cz\/?s={search_term_string}"},"query-input":{"@type":"PropertyValueSpecification","valueRequired":true,"valueName":"search_term_string"}}],"inLanguage":"cs"},{"@type":"Organization","@id":"https:\/\/www.dakarmania.cz\/#organization","name":"DAKAR MANIA","url":"https:\/\/www.dakarmania.cz\/","logo":{"@type":"ImageObject","inLanguage":"cs","@id":"https:\/\/www.dakarmania.cz\/#\/schema\/logo\/image\/","url":"https:\/\/www.dakarmania.cz\/wp-content\/uploads\/2018\/12\/Dakar-Mania-Logo-Square-Orange.png","contentUrl":"https:\/\/www.dakarmania.cz\/wp-content\/uploads\/2018\/12\/Dakar-Mania-Logo-Square-Orange.png","width":992,"height":992,"caption":"DAKAR MANIA"},"image":{"@id":"https:\/\/www.dakarmania.cz\/#\/schema\/logo\/image\/"},"sameAs":["https:\/\/www.facebook.com\/dakarmania\/"]}]}},"amp_enabled":false,"_links":{"self":[{"href":"https:\/\/www.dakarmania.cz\/index.php\/wp-json\/wp\/v2\/pages\/19086","targetHints":{"allow":["GET"]}}],"collection":[{"href":"https:\/\/www.dakarmania.cz\/index.php\/wp-json\/wp\/v2\/pages"}],"about":[{"href":"https:\/\/www.dakarmania.cz\/index.php\/wp-json\/wp\/v2\/types\/page"}],"author":[{"embeddable":true,"href":"https:\/\/www.dakarmania.cz\/index.php\/wp-json\/wp\/v2\/users\/1"}],"replies":[{"embeddable":true,"href":"https:\/\/www.dakarmania.cz\/index.php\/wp-json\/wp\/v2\/comments?post=19086"}],"version-history":[{"count":56,"href":"https:\/\/www.dakarmania.cz\/index.php\/wp-json\/wp\/v2\/pages\/19086\/revisions"}],"predecessor-version":[{"id":28788,"href":"https:\/\/www.dakarmania.cz\/index.php\/wp-json\/wp\/v2\/pages\/19086\/revisions\/28788"}],"up":[{"embeddable":true,"href":"https:\/\/www.dakarmania.cz\/index.php\/wp-json\/wp\/v2\/pages\/4410"}],"wp:featuredmedia":[{"embeddable":true,"href":"https:\/\/www.dakarmania.cz\/index.php\/wp-json\/wp\/v2\/media\/19084"}],"wp:attachment":[{"href":"https:\/\/www.dakarmania.cz\/index.php\/wp-json\/wp\/v2\/media?parent=19086"}],"curies":[{"name":"wp","href":"https:\/\/api.w.org\/{rel}","templated":true}]}}