{"id":22443,"date":"2021-08-10T13:08:28","date_gmt":"2021-08-10T11:08:28","guid":{"rendered":"https:\/\/www.dakarmania.cz\/?page_id=22443"},"modified":"2021-08-10T22:17:38","modified_gmt":"2021-08-10T20:17:38","slug":"baja-poland","status":"publish","type":"page","link":"https:\/\/www.dakarmania.cz\/index.php\/souteze\/baja-poland\/","title":{"rendered":"Baja Poland"},"content":{"rendered":"<p>[vc_row][vc_column][vc_btn title=&#8221;Sout\u011b\u017ee&#8221; style=&#8221;outline&#8221; shape=&#8221;square&#8221; color=&#8221;warning&#8221; size=&#8221;xs&#8221; align=&#8221;right&#8221; i_align=&#8221;right&#8221; i_icon_fontawesome=&#8221;fa fa-chevron-up&#8221; css_animation=&#8221;fadeIn&#8221; add_icon=&#8221;true&#8221; css=&#8221;.vc_custom_1627939833737{padding-right: 1px !important;padding-left: 1px !important;}&#8221; link=&#8221;url:%2Findex.php%2Fsouteze%2F|||&#8221;][vc_column_text css_animation=&#8221;fadeIn&#8221; css=&#8221;.vc_custom_1628593416775{padding-top: 200px !important;padding-right: 20px !important;padding-bottom: 20px !important;padding-left: 20px !important;background: #f2f2f2 url(https:\/\/www.dakarmania.cz\/wp-content\/uploads\/2021\/08\/19-poland-holowczyc-header-02.jpg?id=22424) !important;background-position: center !important;background-repeat: no-repeat !important;background-size: cover !important;}&#8221;]<\/p>\n<h1 style=\"text-align: left;\"><span style=\"background-color: #ee8027; opacity: 0.7;\"><span style=\"color: #ffffff; padding: 10px;\">BAJA POLAND<\/span><\/span><\/h1>\n<p>[\/vc_column_text][vc_empty_space height=&#8221;1px&#8221;][vc_row_inner][vc_column_inner width=&#8221;1\/2&#8243;][vc_btn title=&#8221;2021&#8243; style=&#8221;classic&#8221; shape=&#8221;square&#8221; color=&#8221;warning&#8221; size=&#8221;sm&#8221; align=&#8221;center&#8221; css_animation=&#8221;fadeIn&#8221; button_block=&#8221;true&#8221; link=&#8221;url:%2Findex.php%2Fsouteze%2Fbaja-poland-2021%2F|||&#8221; css=&#8221;.vc_custom_1628626655450{margin-top: 2px !important;margin-right: 2px !important;margin-bottom: 2px !important;margin-left: 2px !important;}&#8221;][vc_btn title=&#8221;2020&#8243; style=&#8221;outline&#8221; shape=&#8221;square&#8221; color=&#8221;warning&#8221; size=&#8221;sm&#8221; css_animation=&#8221;fadeIn&#8221; link=&#8221;url:%2Findex.php%2Fsouteze%2Fbaja-poland-2020%2F|||&#8221; css=&#8221;.vc_custom_1628593534470{margin-top: 2px !important;margin-right: 2px !important;margin-bottom: 2px !important;margin-left: 2px !important;}&#8221;][vc_btn title=&#8221;2019&#8243; style=&#8221;outline&#8221; shape=&#8221;square&#8221; color=&#8221;warning&#8221; size=&#8221;sm&#8221; css_animation=&#8221;fadeIn&#8221; link=&#8221;url:%2Findex.php%2Fsouteze%2Fbaja-poland-2019%2F|||&#8221; css=&#8221;.vc_custom_1628593552004{margin-top: 2px !important;margin-right: 2px !important;margin-bottom: 2px !important;margin-left: 2px !important;}&#8221;][vc_btn title=&#8221;2018&#8243; style=&#8221;outline&#8221; shape=&#8221;square&#8221; color=&#8221;default&#8221; size=&#8221;sm&#8221; css_animation=&#8221;fadeIn&#8221; link=&#8221;url:%2Findex.php%2Fpripravujeme%2F|||&#8221; css=&#8221;.vc_custom_1628120234943{margin-top: 2px !important;margin-right: 2px !important;margin-bottom: 2px !important;margin-left: 2px !important;}&#8221;][vc_btn title=&#8221;2017&#8243; style=&#8221;outline&#8221; shape=&#8221;square&#8221; color=&#8221;default&#8221; size=&#8221;sm&#8221; css_animation=&#8221;fadeIn&#8221; link=&#8221;url:%2Findex.php%2Fpripravujeme%2F|||&#8221; css=&#8221;.vc_custom_1628161730244{margin-top: 2px !important;margin-right: 2px !important;margin-bottom: 2px !important;margin-left: 2px !important;}&#8221;][vc_btn title=&#8221;2016&#8243; style=&#8221;outline&#8221; shape=&#8221;square&#8221; color=&#8221;default&#8221; size=&#8221;sm&#8221; css_animation=&#8221;fadeIn&#8221; link=&#8221;url:%2Findex.php%2Fpripravujeme%2F|||&#8221; css=&#8221;.vc_custom_1628161739197{margin-top: 2px !important;margin-right: 2px !important;margin-bottom: 2px !important;margin-left: 2px !important;}&#8221;][vc_btn title=&#8221;2015&#8243; style=&#8221;outline&#8221; shape=&#8221;square&#8221; color=&#8221;default&#8221; size=&#8221;sm&#8221; css_animation=&#8221;fadeIn&#8221; link=&#8221;url:%2Findex.php%2Fpripravujeme%2F|||&#8221; css=&#8221;.vc_custom_1628161750798{margin-top: 2px !important;margin-right: 2px !important;margin-bottom: 2px !important;margin-left: 2px !important;}&#8221;][vc_btn title=&#8221;2014&#8243; style=&#8221;outline&#8221; shape=&#8221;square&#8221; color=&#8221;default&#8221; size=&#8221;sm&#8221; css_animation=&#8221;fadeIn&#8221; link=&#8221;url:%2Findex.php%2Fpripravujeme%2F|||&#8221; css=&#8221;.vc_custom_1628161758844{margin-top: 2px !important;margin-right: 2px !important;margin-bottom: 2px !important;margin-left: 2px !important;}&#8221;][vc_btn title=&#8221;2013&#8243; style=&#8221;outline&#8221; shape=&#8221;square&#8221; color=&#8221;default&#8221; size=&#8221;sm&#8221; css_animation=&#8221;fadeIn&#8221; link=&#8221;url:%2Findex.php%2Fpripravujeme%2F|||&#8221; css=&#8221;.vc_custom_1628161769094{margin-top: 2px !important;margin-right: 2px !important;margin-bottom: 2px !important;margin-left: 2px !important;}&#8221;][vc_btn title=&#8221;2012&#8243; style=&#8221;outline&#8221; shape=&#8221;square&#8221; color=&#8221;default&#8221; size=&#8221;sm&#8221; css_animation=&#8221;fadeIn&#8221; link=&#8221;url:%2Findex.php%2Fpripravujeme%2F|||&#8221; css=&#8221;.vc_custom_1628161778747{margin-top: 2px !important;margin-right: 2px !important;margin-bottom: 2px !important;margin-left: 2px !important;}&#8221;][vc_btn title=&#8221;2011&#8243; style=&#8221;outline&#8221; shape=&#8221;square&#8221; color=&#8221;default&#8221; size=&#8221;sm&#8221; css_animation=&#8221;fadeIn&#8221; link=&#8221;url:%2Findex.php%2Fpripravujeme%2F|||&#8221; css=&#8221;.vc_custom_1628161787175{margin-top: 2px !important;margin-right: 2px !important;margin-bottom: 2px !important;margin-left: 2px !important;}&#8221;][vc_btn title=&#8221;2010&#8243; style=&#8221;outline&#8221; shape=&#8221;square&#8221; color=&#8221;default&#8221; size=&#8221;sm&#8221; css_animation=&#8221;fadeIn&#8221; link=&#8221;url:%2Findex.php%2Fpripravujeme%2F|||&#8221; css=&#8221;.vc_custom_1628161797013{margin-top: 2px !important;margin-right: 2px !important;margin-bottom: 2px !important;margin-left: 2px !important;}&#8221;][vc_btn title=&#8221;2009&#8243; style=&#8221;outline&#8221; shape=&#8221;square&#8221; color=&#8221;default&#8221; size=&#8221;sm&#8221; css_animation=&#8221;fadeIn&#8221; link=&#8221;url:%2Findex.php%2Fpripravujeme%2F|||&#8221; css=&#8221;.vc_custom_1628161806566{margin-top: 2px !important;margin-right: 2px !important;margin-bottom: 2px !important;margin-left: 2px !important;}&#8221;][\/vc_column_inner][vc_column_inner width=&#8221;1\/2&#8243;][vc_btn title=&#8221;V\u00edt\u011bzov\u00e9&#8221; style=&#8221;outline&#8221; shape=&#8221;square&#8221; color=&#8221;warning&#8221; size=&#8221;sm&#8221; align=&#8221;center&#8221; i_icon_fontawesome=&#8221;fa fa-trophy&#8221; css_animation=&#8221;fadeIn&#8221; button_block=&#8221;true&#8221; add_icon=&#8221;true&#8221; link=&#8221;url:%2Findex.php%2Fsouteze%2Fpoland-vitezove%2F|||&#8221; css=&#8221;.vc_custom_1628593810102{margin-top: 2px !important;margin-right: 2px !important;margin-bottom: 2px !important;margin-left: 2px !important;}&#8221;][vc_btn title=&#8221;\u010ce\u0161i na Baja Poland&#8221; style=&#8221;outline&#8221; shape=&#8221;square&#8221; color=&#8221;warning&#8221; size=&#8221;sm&#8221; align=&#8221;center&#8221; i_icon_fontawesome=&#8221;fa fa-user-circle&#8221; css_animation=&#8221;fadeIn&#8221; button_block=&#8221;true&#8221; add_icon=&#8221;true&#8221; link=&#8221;url:%2Findex.php%2Fsouteze%2Fbaja-poland-cesi%2F|||&#8221; css=&#8221;.vc_custom_1628606858596{margin-top: 2px !important;margin-right: 2px !important;margin-bottom: 2px !important;margin-left: 2px !important;}&#8221;][\/vc_column_inner][\/vc_row_inner][\/vc_column][\/vc_row][vc_row css_animation=&#8221;fadeIn&#8221;][vc_column css_animation=&#8221;fadeIn&#8221; el_id=&#8221;clanky&#8221;][vc_masonry_grid post_type=&#8221;post&#8221; max_items=&#8221;-1&#8243; style=&#8221;lazy&#8221; items_per_page=&#8221;3&#8243; gap=&#8221;5&#8243; item=&#8221;3404&#8243; grid_id=&#8221;vc_gid:1628626591657-7dca5d2d-63ad-1&#8243; taxonomies=&#8221;255&#8243;][\/vc_column][\/vc_row]<\/p>\n","protected":false},"excerpt":{"rendered":"<p>Baja Poland se v Polsku pravideln\u011b kon\u00e1 od roku 2009 a pat\u0159\u00ed k tradi\u010dn\u00edm podnik\u016fm Sv\u011btov\u00e9ho poh\u00e1ru FIA v cross-country rally, resp. baj\u00e1ch.<\/p>\n","protected":false},"author":1,"featured_media":22424,"parent":4410,"menu_order":0,"comment_status":"closed","ping_status":"closed","template":"page-templates\/builder.php","meta":{"footnotes":""},"class_list":["post-22443","page","type-page","status-publish","has-post-thumbnail","hentry"],"yoast_head":"<!-- This site is optimized with the Yoast SEO plugin v24.9 - https:\/\/yoast.com\/wordpress\/plugins\/seo\/ -->\n<title>Baja Poland - DAKARMANIA.cz<\/title>\n<meta name=\"description\" content=\"Baja Poland se v Polsku pravideln\u011b kon\u00e1 od roku 2009 a pat\u0159\u00ed k tradi\u010dn\u00edm podnik\u016fm Sv\u011btov\u00e9ho poh\u00e1ru FIA v cross-country rally, resp. baj\u00e1ch.\" \/>\n<meta name=\"robots\" content=\"index, follow, max-snippet:-1, max-image-preview:large, max-video-preview:-1\" \/>\n<link rel=\"canonical\" href=\"https:\/\/www.dakarmania.cz\/index.php\/souteze\/baja-poland\/\" \/>\n<meta property=\"og:locale\" content=\"cs_CZ\" \/>\n<meta property=\"og:type\" content=\"article\" \/>\n<meta property=\"og:title\" content=\"Baja Poland - DAKARMANIA.cz\" \/>\n<meta property=\"og:description\" content=\"Baja Poland se v Polsku pravideln\u011b kon\u00e1 od roku 2009 a pat\u0159\u00ed k tradi\u010dn\u00edm podnik\u016fm Sv\u011btov\u00e9ho poh\u00e1ru FIA v cross-country rally, resp. baj\u00e1ch.\" \/>\n<meta property=\"og:url\" content=\"https:\/\/www.dakarmania.cz\/index.php\/souteze\/baja-poland\/\" \/>\n<meta property=\"og:site_name\" content=\"DAKARMANIA.cz\" \/>\n<meta property=\"article:publisher\" content=\"https:\/\/www.facebook.com\/dakarmania\/\" \/>\n<meta property=\"article:modified_time\" content=\"2021-08-10T20:17:38+00:00\" \/>\n<meta property=\"og:image\" content=\"https:\/\/www.dakarmania.cz\/wp-content\/uploads\/2021\/08\/19-poland-holowczyc-header-02.jpg\" \/>\n\t<meta property=\"og:image:width\" content=\"1600\" \/>\n\t<meta property=\"og:image:height\" content=\"711\" \/>\n\t<meta property=\"og:image:type\" content=\"image\/jpeg\" \/>\n<meta name=\"twitter:card\" content=\"summary_large_image\" \/>\n<meta name=\"twitter:label1\" content=\"Odhadovan\u00e1 doba \u010dten\u00ed\" \/>\n\t<meta name=\"twitter:data1\" content=\"2 minuty\" \/>\n<script type=\"application\/ld+json\" class=\"yoast-schema-graph\">{\"@context\":\"https:\/\/schema.org\",\"@graph\":[{\"@type\":\"WebPage\",\"@id\":\"https:\/\/www.dakarmania.cz\/index.php\/souteze\/baja-poland\/\",\"url\":\"https:\/\/www.dakarmania.cz\/index.php\/souteze\/baja-poland\/\",\"name\":\"Baja Poland - DAKARMANIA.cz\",\"isPartOf\":{\"@id\":\"https:\/\/www.dakarmania.cz\/#website\"},\"primaryImageOfPage\":{\"@id\":\"https:\/\/www.dakarmania.cz\/index.php\/souteze\/baja-poland\/#primaryimage\"},\"image\":{\"@id\":\"https:\/\/www.dakarmania.cz\/index.php\/souteze\/baja-poland\/#primaryimage\"},\"thumbnailUrl\":\"https:\/\/www.dakarmania.cz\/wp-content\/uploads\/2021\/08\/19-poland-holowczyc-header-02.jpg\",\"datePublished\":\"2021-08-10T11:08:28+00:00\",\"dateModified\":\"2021-08-10T20:17:38+00:00\",\"description\":\"Baja Poland se v Polsku pravideln\u011b kon\u00e1 od roku 2009 a pat\u0159\u00ed k tradi\u010dn\u00edm podnik\u016fm Sv\u011btov\u00e9ho poh\u00e1ru FIA v cross-country rally, resp. baj\u00e1ch.\",\"breadcrumb\":{\"@id\":\"https:\/\/www.dakarmania.cz\/index.php\/souteze\/baja-poland\/#breadcrumb\"},\"inLanguage\":\"cs\",\"potentialAction\":[{\"@type\":\"ReadAction\",\"target\":[\"https:\/\/www.dakarmania.cz\/index.php\/souteze\/baja-poland\/\"]}]},{\"@type\":\"ImageObject\",\"inLanguage\":\"cs\",\"@id\":\"https:\/\/www.dakarmania.cz\/index.php\/souteze\/baja-poland\/#primaryimage\",\"url\":\"https:\/\/www.dakarmania.cz\/wp-content\/uploads\/2021\/08\/19-poland-holowczyc-header-02.jpg\",\"contentUrl\":\"https:\/\/www.dakarmania.cz\/wp-content\/uploads\/2021\/08\/19-poland-holowczyc-header-02.jpg\",\"width\":1600,\"height\":711,\"caption\":\"Krzysztof Ho\u0142owczyc\/\u0141ukasz Kurzeja, Mini JCW Rally, X-raid. Baja Poland 2019. \u00a9 X-raid\"},{\"@type\":\"BreadcrumbList\",\"@id\":\"https:\/\/www.dakarmania.cz\/index.php\/souteze\/baja-poland\/#breadcrumb\",\"itemListElement\":[{\"@type\":\"ListItem\",\"position\":1,\"name\":\"Dom\u016f\",\"item\":\"https:\/\/www.dakarmania.cz\/\"},{\"@type\":\"ListItem\",\"position\":2,\"name\":\"Sout\u011b\u017ee\",\"item\":\"https:\/\/www.dakarmania.cz\/index.php\/souteze\/\"},{\"@type\":\"ListItem\",\"position\":3,\"name\":\"Baja Poland\"}]},{\"@type\":\"WebSite\",\"@id\":\"https:\/\/www.dakarmania.cz\/#website\",\"url\":\"https:\/\/www.dakarmania.cz\/\",\"name\":\"DAKARMANIA.cz\",\"description\":\"\u017dijeme Dakarem cel\u00fd rok\",\"publisher\":{\"@id\":\"https:\/\/www.dakarmania.cz\/#organization\"},\"potentialAction\":[{\"@type\":\"SearchAction\",\"target\":{\"@type\":\"EntryPoint\",\"urlTemplate\":\"https:\/\/www.dakarmania.cz\/?s={search_term_string}\"},\"query-input\":{\"@type\":\"PropertyValueSpecification\",\"valueRequired\":true,\"valueName\":\"search_term_string\"}}],\"inLanguage\":\"cs\"},{\"@type\":\"Organization\",\"@id\":\"https:\/\/www.dakarmania.cz\/#organization\",\"name\":\"DAKAR MANIA\",\"url\":\"https:\/\/www.dakarmania.cz\/\",\"logo\":{\"@type\":\"ImageObject\",\"inLanguage\":\"cs\",\"@id\":\"https:\/\/www.dakarmania.cz\/#\/schema\/logo\/image\/\",\"url\":\"https:\/\/www.dakarmania.cz\/wp-content\/uploads\/2018\/12\/Dakar-Mania-Logo-Square-Orange.png\",\"contentUrl\":\"https:\/\/www.dakarmania.cz\/wp-content\/uploads\/2018\/12\/Dakar-Mania-Logo-Square-Orange.png\",\"width\":992,\"height\":992,\"caption\":\"DAKAR MANIA\"},\"image\":{\"@id\":\"https:\/\/www.dakarmania.cz\/#\/schema\/logo\/image\/\"},\"sameAs\":[\"https:\/\/www.facebook.com\/dakarmania\/\"]}]}<\/script>\n<!-- \/ Yoast SEO plugin. -->","yoast_head_json":{"title":"Baja Poland - DAKARMANIA.cz","description":"Baja Poland se v Polsku pravideln\u011b kon\u00e1 od roku 2009 a pat\u0159\u00ed k tradi\u010dn\u00edm podnik\u016fm Sv\u011btov\u00e9ho poh\u00e1ru FIA v cross-country rally, resp. baj\u00e1ch.","robots":{"index":"index","follow":"follow","max-snippet":"max-snippet:-1","max-image-preview":"max-image-preview:large","max-video-preview":"max-video-preview:-1"},"canonical":"https:\/\/www.dakarmania.cz\/index.php\/souteze\/baja-poland\/","og_locale":"cs_CZ","og_type":"article","og_title":"Baja Poland - DAKARMANIA.cz","og_description":"Baja Poland se v Polsku pravideln\u011b kon\u00e1 od roku 2009 a pat\u0159\u00ed k tradi\u010dn\u00edm podnik\u016fm Sv\u011btov\u00e9ho poh\u00e1ru FIA v cross-country rally, resp. baj\u00e1ch.","og_url":"https:\/\/www.dakarmania.cz\/index.php\/souteze\/baja-poland\/","og_site_name":"DAKARMANIA.cz","article_publisher":"https:\/\/www.facebook.com\/dakarmania\/","article_modified_time":"2021-08-10T20:17:38+00:00","og_image":[{"width":1600,"height":711,"url":"https:\/\/www.dakarmania.cz\/wp-content\/uploads\/2021\/08\/19-poland-holowczyc-header-02.jpg","type":"image\/jpeg"}],"twitter_card":"summary_large_image","twitter_misc":{"Odhadovan\u00e1 doba \u010dten\u00ed":"2 minuty"},"schema":{"@context":"https:\/\/schema.org","@graph":[{"@type":"WebPage","@id":"https:\/\/www.dakarmania.cz\/index.php\/souteze\/baja-poland\/","url":"https:\/\/www.dakarmania.cz\/index.php\/souteze\/baja-poland\/","name":"Baja Poland - DAKARMANIA.cz","isPartOf":{"@id":"https:\/\/www.dakarmania.cz\/#website"},"primaryImageOfPage":{"@id":"https:\/\/www.dakarmania.cz\/index.php\/souteze\/baja-poland\/#primaryimage"},"image":{"@id":"https:\/\/www.dakarmania.cz\/index.php\/souteze\/baja-poland\/#primaryimage"},"thumbnailUrl":"https:\/\/www.dakarmania.cz\/wp-content\/uploads\/2021\/08\/19-poland-holowczyc-header-02.jpg","datePublished":"2021-08-10T11:08:28+00:00","dateModified":"2021-08-10T20:17:38+00:00","description":"Baja Poland se v Polsku pravideln\u011b kon\u00e1 od roku 2009 a pat\u0159\u00ed k tradi\u010dn\u00edm podnik\u016fm Sv\u011btov\u00e9ho poh\u00e1ru FIA v cross-country rally, resp. baj\u00e1ch.","breadcrumb":{"@id":"https:\/\/www.dakarmania.cz\/index.php\/souteze\/baja-poland\/#breadcrumb"},"inLanguage":"cs","potentialAction":[{"@type":"ReadAction","target":["https:\/\/www.dakarmania.cz\/index.php\/souteze\/baja-poland\/"]}]},{"@type":"ImageObject","inLanguage":"cs","@id":"https:\/\/www.dakarmania.cz\/index.php\/souteze\/baja-poland\/#primaryimage","url":"https:\/\/www.dakarmania.cz\/wp-content\/uploads\/2021\/08\/19-poland-holowczyc-header-02.jpg","contentUrl":"https:\/\/www.dakarmania.cz\/wp-content\/uploads\/2021\/08\/19-poland-holowczyc-header-02.jpg","width":1600,"height":711,"caption":"Krzysztof Ho\u0142owczyc\/\u0141ukasz Kurzeja, Mini JCW Rally, X-raid. Baja Poland 2019. \u00a9 X-raid"},{"@type":"BreadcrumbList","@id":"https:\/\/www.dakarmania.cz\/index.php\/souteze\/baja-poland\/#breadcrumb","itemListElement":[{"@type":"ListItem","position":1,"name":"Dom\u016f","item":"https:\/\/www.dakarmania.cz\/"},{"@type":"ListItem","position":2,"name":"Sout\u011b\u017ee","item":"https:\/\/www.dakarmania.cz\/index.php\/souteze\/"},{"@type":"ListItem","position":3,"name":"Baja Poland"}]},{"@type":"WebSite","@id":"https:\/\/www.dakarmania.cz\/#website","url":"https:\/\/www.dakarmania.cz\/","name":"DAKARMANIA.cz","description":"\u017dijeme Dakarem cel\u00fd rok","publisher":{"@id":"https:\/\/www.dakarmania.cz\/#organization"},"potentialAction":[{"@type":"SearchAction","target":{"@type":"EntryPoint","urlTemplate":"https:\/\/www.dakarmania.cz\/?s={search_term_string}"},"query-input":{"@type":"PropertyValueSpecification","valueRequired":true,"valueName":"search_term_string"}}],"inLanguage":"cs"},{"@type":"Organization","@id":"https:\/\/www.dakarmania.cz\/#organization","name":"DAKAR MANIA","url":"https:\/\/www.dakarmania.cz\/","logo":{"@type":"ImageObject","inLanguage":"cs","@id":"https:\/\/www.dakarmania.cz\/#\/schema\/logo\/image\/","url":"https:\/\/www.dakarmania.cz\/wp-content\/uploads\/2018\/12\/Dakar-Mania-Logo-Square-Orange.png","contentUrl":"https:\/\/www.dakarmania.cz\/wp-content\/uploads\/2018\/12\/Dakar-Mania-Logo-Square-Orange.png","width":992,"height":992,"caption":"DAKAR MANIA"},"image":{"@id":"https:\/\/www.dakarmania.cz\/#\/schema\/logo\/image\/"},"sameAs":["https:\/\/www.facebook.com\/dakarmania\/"]}]}},"amp_enabled":false,"_links":{"self":[{"href":"https:\/\/www.dakarmania.cz\/index.php\/wp-json\/wp\/v2\/pages\/22443","targetHints":{"allow":["GET"]}}],"collection":[{"href":"https:\/\/www.dakarmania.cz\/index.php\/wp-json\/wp\/v2\/pages"}],"about":[{"href":"https:\/\/www.dakarmania.cz\/index.php\/wp-json\/wp\/v2\/types\/page"}],"author":[{"embeddable":true,"href":"https:\/\/www.dakarmania.cz\/index.php\/wp-json\/wp\/v2\/users\/1"}],"replies":[{"embeddable":true,"href":"https:\/\/www.dakarmania.cz\/index.php\/wp-json\/wp\/v2\/comments?post=22443"}],"version-history":[{"count":6,"href":"https:\/\/www.dakarmania.cz\/index.php\/wp-json\/wp\/v2\/pages\/22443\/revisions"}],"predecessor-version":[{"id":22512,"href":"https:\/\/www.dakarmania.cz\/index.php\/wp-json\/wp\/v2\/pages\/22443\/revisions\/22512"}],"up":[{"embeddable":true,"href":"https:\/\/www.dakarmania.cz\/index.php\/wp-json\/wp\/v2\/pages\/4410"}],"wp:featuredmedia":[{"embeddable":true,"href":"https:\/\/www.dakarmania.cz\/index.php\/wp-json\/wp\/v2\/media\/22424"}],"wp:attachment":[{"href":"https:\/\/www.dakarmania.cz\/index.php\/wp-json\/wp\/v2\/media?parent=22443"}],"curies":[{"name":"wp","href":"https:\/\/api.w.org\/{rel}","templated":true}]}}